Last updated on 2023-06-01 19:52:33 CEST.
Flavor | Version | Tinstall | Tcheck | Ttotal | Status | Flags |
---|---|---|---|---|---|---|
r-devel-linux-x86_64-debian-clang | 0.1.0 | 37.30 | 32.47 | 69.77 | OK | |
r-devel-linux-x86_64-debian-gcc | 0.1.0 | 32.38 | 26.24 | 58.62 | OK | |
r-devel-linux-x86_64-fedora-clang | 0.1.0 | 91.83 | OK | |||
r-devel-linux-x86_64-fedora-gcc | 0.1.0 | 111.47 | OK | |||
r-devel-windows-x86_64 | 0.1.0 | 32.00 | 65.00 | 97.00 | OK | |
r-patched-linux-x86_64 | 0.1.0 | OK | ||||
r-release-linux-x86_64 | 0.1.0 | 34.33 | 32.89 | 67.22 | OK | |
r-release-macos-arm64 | 0.1.0 | 36.00 | NOTE | |||
r-release-macos-x86_64 | 0.1.0 | 54.00 | NOTE | |||
r-release-windows-x86_64 | 0.1.0 | 41.00 | 72.00 | 113.00 | OK | |
r-oldrel-macos-arm64 | 0.1.0 | 31.00 | NOTE | |||
r-oldrel-macos-x86_64 | 0.1.0 | 39.00 | NOTE | |||
r-oldrel-windows-x86_64 | 0.1.0 | 36.00 | 72.00 | 108.00 | OK |
Version: 0.1.0
Check: installed package size
Result: NOTE
installed size is 7.1Mb
sub-directories of 1Mb or more:
libs 7.0Mb
Flavors: r-release-macos-arm64, r-release-macos-x86_64, r-oldrel-macos-arm64, r-oldrel-macos-x86_64