Last updated on 2024-03-28 07:52:50 CET.
Flavor | Version | Tinstall | Tcheck | Ttotal | Status | Flags |
---|---|---|---|---|---|---|
r-devel-linux-x86_64-debian-clang | 0.5.5 | 589.75 | 274.19 | 863.94 | NOTE | |
r-devel-linux-x86_64-debian-gcc | 0.5.5 | 577.04 | 243.31 | 820.35 | NOTE | |
r-devel-linux-x86_64-fedora-clang | 0.5.5 | 1086.44 | NOTE | |||
r-devel-linux-x86_64-fedora-gcc | 0.5.5 | 1403.79 | NOTE | |||
r-devel-windows-x86_64 | 0.5.5 | 470.00 | 221.00 | 691.00 | NOTE | |
r-patched-linux-x86_64 | 0.5.5 | 510.47 | 315.01 | 825.48 | NOTE | |
r-release-linux-x86_64 | 0.5.5 | 0.01 | 2.59 | 2.60 | ERROR | |
r-release-macos-arm64 | 0.5.5 | 262.00 | NOTE | |||
r-release-macos-x86_64 | 0.5.5 | 374.00 | NOTE | |||
r-release-windows-x86_64 | 0.5.5 | 606.00 | 271.00 | 877.00 | NOTE | |
r-oldrel-macos-arm64 | 0.5.5 | 208.00 | NOTE | |||
r-oldrel-windows-x86_64 | 0.5.5 | 596.00 | 261.00 | 857.00 | NOTE |
Version: 0.5.5
Check: Rd files
Result: NOTE
checkRd: (-1) simulate_gastempt.Rd:30: Lost braces; missing escapes or markup?
30 | \item{tempt_mean, tempt_std}{Mean and between record standard deviation of parameter $t_{empt}$, typically in minutes.}
| ^
Flavors: r-devel-linux-x86_64-debian-clang, r-devel-linux-x86_64-debian-gcc, r-devel-linux-x86_64-fedora-clang, r-devel-linux-x86_64-fedora-gcc, r-devel-windows-x86_64
Version: 0.5.5
Check: for GNU extensions in Makefiles
Result: NOTE
GNU make is a SystemRequirements.
Flavors: r-devel-linux-x86_64-debian-clang, r-devel-linux-x86_64-debian-gcc, r-devel-linux-x86_64-fedora-clang, r-devel-linux-x86_64-fedora-gcc, r-devel-windows-x86_64, r-patched-linux-x86_64, r-release-macos-arm64, r-release-macos-x86_64, r-release-windows-x86_64, r-oldrel-macos-arm64, r-oldrel-windows-x86_64
Version: 0.5.5
Check: installed package size
Result: NOTE
installed size is 5.9Mb
sub-directories of 1Mb or more:
libs 5.4Mb
Flavors: r-devel-linux-x86_64-fedora-clang, r-release-macos-arm64, r-release-macos-x86_64, r-oldrel-macos-arm64
Version: 0.5.5
Check: whether package can be installed
Result: ERROR
Installation failed.
Flavor: r-release-linux-x86_64