Last updated on 2023-06-08 08:55:21 CEST.
Flavor | Version | Tinstall | Tcheck | Ttotal | Status | Flags |
---|---|---|---|---|---|---|
r-devel-linux-x86_64-debian-clang | 0.9.6-1 | 32.30 | 164.39 | 196.69 | OK | |
r-devel-linux-x86_64-debian-gcc | 0.9.6-1 | 24.76 | 122.02 | 146.78 | OK | |
r-devel-linux-x86_64-fedora-clang | 0.9.6-1 | 251.04 | OK | |||
r-devel-linux-x86_64-fedora-gcc | 0.9.6-1 | 232.81 | OK | |||
r-devel-windows-x86_64 | 0.9.6-1 | 27.00 | 146.00 | 173.00 | OK | |
r-patched-linux-x86_64 | 0.9.6-1 | 28.39 | 149.33 | 177.72 | OK | |
r-release-linux-x86_64 | 0.9.6-1 | 23.73 | 152.39 | 176.12 | OK | |
r-release-macos-arm64 | 0.9.6-1 | 70.00 | NOTE | |||
r-release-macos-x86_64 | 0.9.6-1 | 112.00 | NOTE | |||
r-release-windows-x86_64 | 0.9.6-1 | 36.00 | 184.00 | 220.00 | OK | |
r-oldrel-macos-arm64 | 0.9.6-1 | 69.00 | NOTE | |||
r-oldrel-macos-x86_64 | 0.9.6-1 | 130.00 | NOTE | |||
r-oldrel-windows-x86_64 | 0.9.6-1 | 34.00 | 169.00 | 203.00 | OK |
Version: 0.9.6-1
Check: package dependencies
Result: NOTE
Package which this enhances but not available for checking: ‘doMPI’
Flavors: r-release-macos-arm64, r-release-macos-x86_64, r-oldrel-macos-arm64, r-oldrel-macos-x86_64