Last updated on 2023-06-01 19:52:33 CEST.
Flavor | Version | Tinstall | Tcheck | Ttotal | Status | Flags |
---|---|---|---|---|---|---|
r-devel-linux-x86_64-debian-clang | 1.5-1 | 27.71 | 262.52 | 290.23 | OK | |
r-devel-linux-x86_64-debian-gcc | 1.5-1 | 21.53 | 190.58 | 212.11 | OK | |
r-devel-linux-x86_64-fedora-clang | 1.5-1 | 358.72 | NOTE | |||
r-devel-linux-x86_64-fedora-gcc | 1.5-1 | 371.41 | OK | |||
r-devel-windows-x86_64 | 1.5-1 | 30.00 | 325.00 | 355.00 | NOTE | |
r-patched-linux-x86_64 | 1.5-1 | OK | ||||
r-release-linux-x86_64 | 1.5-1 | 25.34 | 248.91 | 274.25 | OK | |
r-release-macos-arm64 | 1.5-1 | 126.00 | NOTE | |||
r-release-macos-x86_64 | 1.5-1 | 146.00 | NOTE | |||
r-release-windows-x86_64 | 1.5-1 | 39.00 | 389.00 | 428.00 | NOTE | |
r-oldrel-macos-arm64 | 1.5-1 | 113.00 | NOTE | |||
r-oldrel-macos-x86_64 | 1.5-1 | 171.00 | NOTE | |||
r-oldrel-windows-x86_64 | 1.5-1 | 38.00 | 368.00 | 406.00 | NOTE |
Version: 1.5-1
Check: installed package size
Result: NOTE
installed size is 8.9Mb
sub-directories of 1Mb or more:
doc 7.6Mb
Flavors: r-devel-linux-x86_64-fedora-clang, r-devel-windows-x86_64, r-release-macos-arm64, r-release-macos-x86_64, r-release-windows-x86_64, r-oldrel-macos-arm64, r-oldrel-macos-x86_64, r-oldrel-windows-x86_64