Last updated on 2023-06-02 07:55:22 CEST.
Flavor | Version | Tinstall | Tcheck | Ttotal | Status | Flags |
---|---|---|---|---|---|---|
r-devel-linux-x86_64-debian-clang | 1.0-1 | 10.87 | 89.20 | 100.07 | OK | |
r-devel-linux-x86_64-debian-gcc | 1.0-1 | 8.08 | 68.32 | 76.40 | OK | |
r-devel-linux-x86_64-fedora-clang | 1.0-1 | 120.65 | NOTE | |||
r-devel-linux-x86_64-fedora-gcc | 1.0-1 | 116.93 | OK | |||
r-devel-windows-x86_64 | 1.0-1 | 10.00 | 84.00 | 94.00 | OK | |
r-patched-linux-x86_64 | 1.0-1 | OK | ||||
r-release-linux-x86_64 | 1.0-1 | 8.43 | 86.05 | 94.48 | OK | |
r-release-macos-arm64 | 1.0-1 | 38.00 | OK | |||
r-release-macos-x86_64 | 1.0-1 | 63.00 | OK | |||
r-release-windows-x86_64 | 1.0-1 | 11.00 | 102.00 | 113.00 | OK | |
r-oldrel-macos-arm64 | 1.0-1 | 37.00 | OK | |||
r-oldrel-macos-x86_64 | 1.0-1 | 50.00 | OK | |||
r-oldrel-windows-x86_64 | 1.0-1 | 12.00 | 100.00 | 112.00 | OK |
Version: 1.0-1
Check: Rd cross-references
Result: NOTE
Undeclared packages ‘gamlss.dist’, ‘gamlss.add’ in Rd xrefs
Flavor: r-devel-linux-x86_64-fedora-clang