CRAN Package Check Results for Package galigor

Last updated on 2024-02-28 07:53:42 CET.

Flavor Version Tinstall Tcheck Ttotal Status Flags
r-devel-linux-x86_64-debian-clang 0.2.5 6.67 47.28 53.95 OK
r-devel-linux-x86_64-debian-gcc 0.2.5 5.56 36.49 42.05 OK
r-devel-linux-x86_64-fedora-clang 0.2.5 67.92 NOTE
r-devel-linux-x86_64-fedora-gcc 0.2.5 61.11 NOTE
r-devel-windows-x86_64 0.2.5 8.00 57.00 65.00 OK
r-patched-linux-x86_64 0.2.5 5.72 46.32 52.04 OK
r-release-linux-x86_64 0.2.5 4.40 46.77 51.17 OK
r-release-macos-arm64 0.2.5 24.00 OK
r-release-macos-x86_64 0.2.5 37.00 OK
r-release-windows-x86_64 0.2.5 10.00 62.00 72.00 OK
r-oldrel-macos-arm64 0.2.5 29.00 NOTE
r-oldrel-windows-x86_64 0.2.5 12.00 83.00 95.00 OK

Check Details

Version: 0.2.5
Check: dependencies in R code
Result: NOTE Namespaces in Imports field not imported from: ‘gargle’ ‘getProxy’ ‘rappsflyer’ ‘rfacebookstat’ ‘rgoogleads’ ‘rmytarget’ ‘rvkstat’ ‘ryandexdirect’ ‘rym’ ‘tidyr’ All declared Imports should be used. Flavors: r-devel-linux-x86_64-fedora-clang, r-devel-linux-x86_64-fedora-gcc, r-oldrel-macos-arm64