Last updated on 2024-03-28 07:52:50 CET.
Flavor | Version | Tinstall | Tcheck | Ttotal | Status | Flags |
---|---|---|---|---|---|---|
r-devel-linux-x86_64-debian-clang | 0.11-1 | 10.95 | 244.26 | 255.21 | OK | |
r-devel-linux-x86_64-debian-gcc | 0.11-1 | 6.48 | 171.57 | 178.05 | OK | |
r-devel-linux-x86_64-fedora-clang | 0.11-1 | 325.60 | NOTE | |||
r-devel-linux-x86_64-fedora-gcc | 0.11-1 | 311.47 | OK | |||
r-devel-windows-x86_64 | 0.11-1 | 9.00 | 189.00 | 198.00 | OK | |
r-patched-linux-x86_64 | 0.11-1 | 14.45 | 230.35 | 244.80 | OK | |
r-release-linux-x86_64 | 0.11-1 | 7.43 | 224.28 | 231.71 | OK | |
r-release-macos-arm64 | 0.11-1 | 94.00 | OK | |||
r-release-macos-x86_64 | 0.11-1 | 255.00 | OK | |||
r-release-windows-x86_64 | 0.11-1 | 12.00 | 248.00 | 260.00 | OK | |
r-oldrel-macos-arm64 | 0.11-1 | 99.00 | OK | |||
r-oldrel-windows-x86_64 | 0.11-1 | 12.00 | 245.00 | 257.00 | OK |
Version: 0.11-1
Check: Rd cross-references
Result: NOTE
Undeclared package ‘mfdb’ in Rd xrefs
Flavor: r-devel-linux-x86_64-fedora-clang