Last updated on 2023-05-29 08:55:00 CEST.
Flavor | Version | Tinstall | Tcheck | Ttotal | Status | Flags |
---|---|---|---|---|---|---|
r-devel-linux-x86_64-debian-clang | 3.0.4 | 16.89 | 146.62 | 163.51 | OK | |
r-devel-linux-x86_64-debian-gcc | 3.0.4 | 12.67 | 109.39 | 122.06 | OK | |
r-devel-linux-x86_64-fedora-clang | 3.0.4 | 207.96 | NOTE | |||
r-devel-linux-x86_64-fedora-gcc | 3.0.4 | 206.14 | NOTE | |||
r-devel-windows-x86_64 | 3.0.4 | 15.00 | 119.00 | 134.00 | OK | |
r-patched-linux-x86_64 | 3.0.4 | 16.47 | 135.43 | 151.90 | OK | |
r-release-linux-x86_64 | 3.0.4 | 10.78 | 137.74 | 148.52 | OK | |
r-release-macos-arm64 | 3.0.4 | 61.00 | OK | |||
r-release-macos-x86_64 | 3.0.4 | 115.00 | OK | |||
r-release-windows-x86_64 | 3.0.4 | 20.00 | 145.00 | 165.00 | OK | |
r-oldrel-macos-arm64 | 3.0.4 | 50.00 | NOTE | |||
r-oldrel-macos-x86_64 | 3.0.4 | 106.00 | NOTE | |||
r-oldrel-windows-x86_64 | 3.0.4 | 19.00 | 144.00 | 163.00 | OK |
Version: 3.0.4
Check: dependencies in R code
Result: NOTE
Namespace in Imports field not imported from: ‘dplyr’
All declared Imports should be used.
Flavors: r-devel-linux-x86_64-fedora-clang, r-devel-linux-x86_64-fedora-gcc, r-oldrel-macos-arm64, r-oldrel-macos-x86_64