Last updated on 2024-04-17 19:58:39 CEST.
Flavor | Version | Tinstall | Tcheck | Ttotal | Status | Flags |
---|---|---|---|---|---|---|
r-devel-linux-x86_64-debian-clang | 0.3.0 | 70.20 | 140.12 | 210.32 | NOTE | |
r-devel-linux-x86_64-debian-gcc | 0.3.0 | 59.25 | 100.00 | 159.25 | NOTE | |
r-devel-linux-x86_64-fedora-clang | 0.3.0 | 280.87 | NOTE | |||
r-devel-linux-x86_64-fedora-gcc | 0.3.0 | 269.36 | NOTE | |||
r-prerel-macos-arm64 | 0.3.0 | 66.00 | NOTE | |||
r-prerel-windows-x86_64 | 0.3.0 | 57.00 | 125.00 | 182.00 | NOTE | |
r-patched-linux-x86_64 | 0.3.0 | 64.04 | 132.72 | 196.76 | NOTE | |
r-release-linux-x86_64 | 0.3.0 | 52.01 | 135.53 | 187.54 | OK | |
r-release-macos-arm64 | 0.3.0 | 68.00 | OK | |||
r-release-macos-x86_64 | 0.3.0 | 132.00 | OK | |||
r-release-windows-x86_64 | 0.3.0 | 75.00 | 162.00 | 237.00 | OK | |
r-oldrel-macos-arm64 | 0.3.0 | 69.00 | OK | |||
r-oldrel-windows-x86_64 | 0.3.0 | 74.00 | 160.00 | 234.00 | OK |
Version: 0.3.0
Check: Rd files
Result: NOTE
checkRd: (-1) testadd.Rd:34: Lost braces; missing escapes or markup?
34 | Let M0 be the model and e={u,v} be an edge and let M1 be
| ^
Flavors: r-devel-linux-x86_64-debian-clang, r-devel-linux-x86_64-debian-gcc, r-devel-linux-x86_64-fedora-clang, r-devel-linux-x86_64-fedora-gcc, r-prerel-macos-arm64, r-prerel-windows-x86_64, r-patched-linux-x86_64