Last updated on 2023-05-31 20:57:09 CEST.
Flavor | Version | Tinstall | Tcheck | Ttotal | Status | Flags |
---|---|---|---|---|---|---|
r-devel-linux-x86_64-debian-clang | 0.8-15 | 21.90 | 226.13 | 248.03 | OK | |
r-devel-linux-x86_64-debian-gcc | 0.8-15 | 17.81 | 173.36 | 191.17 | OK | |
r-devel-linux-x86_64-fedora-clang | 0.8-15 | 310.08 | OK | |||
r-devel-linux-x86_64-fedora-gcc | 0.8-15 | 322.34 | OK | |||
r-devel-windows-x86_64 | 0.8-15 | 21.00 | 252.00 | 273.00 | OK | |
r-patched-linux-x86_64 | 0.8-15 | OK | ||||
r-release-linux-x86_64 | 0.8-15 | 19.43 | 220.95 | 240.38 | OK | |
r-release-macos-arm64 | 0.8-15 | 111.00 | OK | |||
r-release-macos-x86_64 | 0.8-15 | 134.00 | NOTE | |||
r-release-windows-x86_64 | 0.8-15 | 26.00 | 280.00 | 306.00 | OK | |
r-oldrel-macos-arm64 | 0.8-15 | 104.00 | NOTE | |||
r-oldrel-macos-x86_64 | 0.8-15 | 124.00 | OK | |||
r-oldrel-windows-x86_64 | 0.8-15 | 26.00 | 280.00 | 306.00 | OK |
Version: 0.8-15
Check: package dependencies
Result: NOTE
Packages suggested but not available for checking: 'Deducer', 'coin'
Flavor: r-release-macos-x86_64
Version: 0.8-15
Check: re-building of vignette outputs
Result: NOTE
Note: skipping ‘gMCP.Rnw’ due to unavailable dependencies: 'coin'
Flavor: r-release-macos-x86_64
Version: 0.8-15
Check: package dependencies
Result: NOTE
Packages suggested but not available for checking: 'graph', 'mutoss'
Flavor: r-oldrel-macos-arm64