CRAN Package Check Results for Package fusen

Last updated on 2024-02-26 19:50:09 CET.

Flavor Version Tinstall Tcheck Ttotal Status Flags
r-devel-linux-x86_64-debian-clang 0.5.2 12.42 375.65 388.07 NOTE
r-devel-linux-x86_64-debian-gcc 0.5.2 8.74 330.27 339.01 NOTE
r-devel-linux-x86_64-fedora-clang 0.5.2 536.28 NOTE
r-devel-linux-x86_64-fedora-gcc 0.5.2 676.33 NOTE
r-devel-windows-x86_64 0.5.2 11.00 335.00 346.00 OK
r-patched-linux-x86_64 0.5.2 8.16 418.73 426.89 OK
r-release-linux-x86_64 0.5.2 6.88 422.77 429.65 OK
r-release-macos-arm64 0.5.2 253.00 OK
r-release-macos-x86_64 0.5.2 483.00 OK
r-release-windows-x86_64 0.5.2 16.00 423.00 439.00 OK
r-oldrel-macos-arm64 0.5.2 242.00 OK
r-oldrel-windows-x86_64 0.5.2 15.00 462.00 477.00 OK

Check Details

Version: 0.5.2
Check: Rd files
Result: NOTE checkRd: (-1) add_flat_template.Rd:81: Lost braces; missing escapes or markup? 81 | \item "minimal_package": Minimal template to start a new package when you already know {fusen}, along with the "dev_history" template. Note that this is called "minimal" in \code{create_fusen()}. | ^ checkRd: (-1) init_share_on_github.Rd:17: Lost braces; missing escapes or markup? 17 | This uses {pkgdown} to share the documentation of the package through GitHub Actions. | ^ checkRd: (-1) init_share_on_github.Rd:36: Lost braces; missing escapes or markup? 36 | \item Init continuous deployment (CD) of the {pkgdown} website documentation | ^ Flavors: r-devel-linux-x86_64-debian-clang, r-devel-linux-x86_64-debian-gcc, r-devel-linux-x86_64-fedora-clang, r-devel-linux-x86_64-fedora-gcc