Last updated on 2024-04-19 19:50:14 CEST.
Flavor | Version | Tinstall | Tcheck | Ttotal | Status | Flags |
---|---|---|---|---|---|---|
r-devel-linux-x86_64-debian-clang | 0.6 | 1.74 | 21.20 | 22.94 | NOTE | |
r-devel-linux-x86_64-debian-gcc | 0.6 | NOTE | ||||
r-devel-linux-x86_64-fedora-clang | 0.6 | 29.34 | NOTE | |||
r-devel-linux-x86_64-fedora-gcc | 0.6 | 27.64 | NOTE | |||
r-prerel-macos-arm64 | 0.6 | 14.00 | NOTE | |||
r-prerel-windows-x86_64 | 0.6 | 2.00 | 36.00 | 38.00 | NOTE | |
r-patched-linux-x86_64 | 0.6 | 2.06 | 20.37 | 22.43 | NOTE | |
r-release-linux-x86_64 | 0.6 | 1.64 | 20.45 | 22.09 | NOTE | |
r-release-macos-arm64 | 0.6 | 14.00 | NOTE | |||
r-release-macos-x86_64 | 0.6 | 19.00 | NOTE | |||
r-release-windows-x86_64 | 0.6 | 2.00 | 32.00 | 34.00 | NOTE | |
r-oldrel-macos-arm64 | 0.6 | 13.00 | NOTE | |||
r-oldrel-windows-x86_64 | 0.6 | 6.00 | 42.00 | 48.00 | NOTE |
Version: 0.6
Check: DESCRIPTION meta-information
Result: NOTE
Malformed Description field: should contain one or more complete sentences.
Flavors: r-devel-linux-x86_64-debian-clang, r-devel-linux-x86_64-debian-gcc, r-devel-linux-x86_64-fedora-clang, r-devel-linux-x86_64-fedora-gcc, r-prerel-macos-arm64, r-prerel-windows-x86_64, r-patched-linux-x86_64, r-release-linux-x86_64, r-release-macos-arm64, r-release-macos-x86_64, r-release-windows-x86_64, r-oldrel-macos-arm64, r-oldrel-windows-x86_64