Last updated on 2024-04-23 07:51:02 CEST.
Flavor | Version | Tinstall | Tcheck | Ttotal | Status | Flags |
---|---|---|---|---|---|---|
r-devel-linux-x86_64-debian-clang | 0.1.8 | 64.57 | 166.54 | 231.11 | NOTE | |
r-devel-linux-x86_64-debian-gcc | 0.1.8 | 55.45 | 122.91 | 178.36 | NOTE | |
r-devel-linux-x86_64-fedora-clang | 0.1.8 | 277.29 | NOTE | |||
r-devel-linux-x86_64-fedora-gcc | 0.1.8 | 307.91 | NOTE | |||
r-prerel-macos-arm64 | 0.1.8 | 76.00 | NOTE | |||
r-prerel-windows-x86_64 | 0.1.8 | 44.00 | 165.00 | 209.00 | NOTE | |
r-patched-linux-x86_64 | 0.1.8 | 65.36 | 159.25 | 224.61 | NOTE | |
r-release-linux-x86_64 | 0.1.8 | 65.99 | 164.36 | 230.35 | NOTE | |
r-release-macos-arm64 | 0.1.8 | 83.00 | NOTE | |||
r-release-macos-x86_64 | 0.1.8 | 117.00 | NOTE | |||
r-release-windows-x86_64 | 0.1.8 | 57.00 | 200.00 | 257.00 | NOTE | |
r-oldrel-macos-arm64 | 0.1.8 | 69.00 | NOTE | |||
r-oldrel-windows-x86_64 | 0.1.8 | 55.00 | 194.00 | 249.00 | OK |
Version: 0.1.8
Check: C++ specification
Result: NOTE
Specified C++11: please drop specification unless essential
Flavors: r-devel-linux-x86_64-debian-clang, r-devel-linux-x86_64-debian-gcc, r-devel-linux-x86_64-fedora-clang, r-devel-linux-x86_64-fedora-gcc, r-prerel-macos-arm64, r-prerel-windows-x86_64, r-patched-linux-x86_64, r-release-linux-x86_64, r-release-macos-arm64, r-release-macos-x86_64, r-release-windows-x86_64
Version: 0.1.8
Check: dependencies in R code
Result: NOTE
Namespace in Imports field not imported from: ‘qpdf’
All declared Imports should be used.
Flavors: r-devel-linux-x86_64-fedora-clang, r-devel-linux-x86_64-fedora-gcc, r-oldrel-macos-arm64
Version: 0.1.8
Check: installed package size
Result: NOTE
installed size is 20.4Mb
sub-directories of 1Mb or more:
libs 19.7Mb
Flavors: r-prerel-macos-arm64, r-release-macos-arm64, r-release-macos-x86_64, r-oldrel-macos-arm64