Last updated on 2023-06-10 08:53:15 CEST.
Flavor | Version | Tinstall | Tcheck | Ttotal | Status | Flags |
---|---|---|---|---|---|---|
r-devel-linux-x86_64-debian-clang | 0.9.4.4 | 18.20 | 153.70 | 171.90 | NOTE | |
r-devel-linux-x86_64-debian-gcc | 0.9.4.4 | 14.85 | 117.06 | 131.91 | NOTE | |
r-devel-linux-x86_64-fedora-clang | 0.9.4.4 | 175.76 | NOTE | |||
r-devel-linux-x86_64-fedora-gcc | 0.9.4.4 | 228.13 | NOTE | |||
r-devel-windows-x86_64 | 0.9.4.4 | 17.00 | 134.00 | 151.00 | NOTE | |
r-patched-linux-x86_64 | 0.9.4.4 | 13.94 | 143.34 | 157.28 | NOTE | |
r-release-linux-x86_64 | 0.9.4.4 | 11.88 | 145.99 | 157.87 | NOTE | |
r-release-macos-arm64 | 0.9.4.4 | 73.00 | NOTE | |||
r-release-macos-x86_64 | 0.9.4.4 | 122.00 | NOTE | |||
r-release-windows-x86_64 | 0.9.4.4 | 21.00 | 162.00 | 183.00 | NOTE | |
r-oldrel-macos-arm64 | 0.9.4.4 | 61.00 | NOTE | |||
r-oldrel-macos-x86_64 | 0.9.4.4 | 113.00 | NOTE | |||
r-oldrel-windows-x86_64 | 0.9.4.4 | 21.00 | 160.00 | 181.00 | NOTE |
Version: 0.9.4.4
Check: package dependencies
Result: NOTE
Packages suggested but not available for checking:
'extraTrees', 'foba', 'nodeHarvest', 'obliqueRF', 'relaxo', 'rrlda'
Flavors: r-devel-linux-x86_64-debian-clang, r-devel-linux-x86_64-debian-gcc, r-devel-linux-x86_64-fedora-clang, r-devel-linux-x86_64-fedora-gcc, r-devel-windows-x86_64, r-patched-linux-x86_64, r-release-linux-x86_64, r-release-macos-arm64, r-release-macos-x86_64
Version: 0.9.4.4
Check: package dependencies
Result: NOTE
Packages suggested but not available for checking: 'foba', 'rrlda'
Flavors: r-release-windows-x86_64, r-oldrel-macos-arm64, r-oldrel-windows-x86_64
Version: 0.9.4.4
Check: package dependencies
Result: NOTE
Packages suggested but not available for checking:
'extraTrees', 'foba', 'rrlda', 'RWeka'
Flavor: r-oldrel-macos-x86_64