Last updated on 2024-03-28 07:52:50 CET.
Flavor | Version | Tinstall | Tcheck | Ttotal | Status | Flags |
---|---|---|---|---|---|---|
r-devel-linux-x86_64-debian-clang | 1.0.1 | 29.44 | 28.55 | 57.99 | WARN | |
r-devel-linux-x86_64-debian-gcc | 1.0.1 | 23.27 | 22.20 | 45.47 | NOTE | |
r-devel-linux-x86_64-fedora-clang | 1.0.1 | 84.78 | NOTE | |||
r-devel-linux-x86_64-fedora-gcc | 1.0.1 | 86.87 | NOTE | |||
r-devel-windows-x86_64 | 1.0.1 | 24.00 | 62.00 | 86.00 | NOTE | |
r-patched-linux-x86_64 | 1.0.1 | 29.30 | 27.16 | 56.46 | NOTE | |
r-release-linux-x86_64 | 1.0.1 | 32.52 | 27.27 | 59.79 | NOTE | |
r-release-macos-arm64 | 1.0.1 | 28.00 | NOTE | |||
r-release-macos-x86_64 | 1.0.1 | 41.00 | NOTE | |||
r-release-windows-x86_64 | 1.0.1 | 32.00 | 65.00 | 97.00 | NOTE | |
r-oldrel-macos-arm64 | 1.0.1 | 25.00 | OK | |||
r-oldrel-windows-x86_64 | 1.0.1 | 30.00 | 66.00 | 96.00 | OK |
Version: 1.0.1
Check: whether package can be installed
Result: WARN
Found the following significant warnings:
main.cpp:32:9: warning: using integer absolute value function 'abs' when argument is of floating point type [-Wabsolute-value]
See ‘/home/hornik/tmp/R.check/r-devel-clang/Work/PKGS/free.Rcheck/00install.out’ for details.
* used C++ compiler: ‘Debian clang version 18.1.0 (rc4-1)’
Flavor: r-devel-linux-x86_64-debian-clang
Version: 1.0.1
Check: C++ specification
Result: NOTE
Specified C++11: please drop specification unless essential
Flavors: r-devel-linux-x86_64-debian-clang, r-devel-linux-x86_64-debian-gcc, r-devel-linux-x86_64-fedora-clang, r-devel-linux-x86_64-fedora-gcc, r-devel-windows-x86_64, r-patched-linux-x86_64, r-release-linux-x86_64, r-release-macos-arm64, r-release-macos-x86_64, r-release-windows-x86_64