Last updated on 2024-04-27 19:58:17 CEST.
Flavor | Version | Tinstall | Tcheck | Ttotal | Status | Flags |
---|---|---|---|---|---|---|
r-devel-linux-x86_64-debian-clang | 1.2 | 219.46 | 52.93 | 272.39 | WARN | |
r-devel-linux-x86_64-debian-gcc | 1.2 | 168.30 | 37.64 | 205.94 | OK | |
r-devel-linux-x86_64-fedora-clang | 1.2 | 403.05 | OK | |||
r-devel-linux-x86_64-fedora-gcc | 1.2 | 392.89 | OK | |||
r-devel-windows-x86_64 | 1.2 | 157.00 | 85.00 | 242.00 | OK | |
r-patched-linux-x86_64 | 1.2 | 214.50 | 48.96 | 263.46 | OK | |
r-release-linux-x86_64 | 1.2 | 215.12 | 51.58 | 266.70 | OK | |
r-release-macos-arm64 | 1.2 | 67.00 | NOTE | |||
r-release-windows-x86_64 | 1.2 | 156.00 | 84.00 | 240.00 | OK | |
r-oldrel-macos-arm64 | 1.2 | 70.00 | NOTE | |||
r-oldrel-macos-x86_64 | 1.2 | 81.00 | NOTE | |||
r-oldrel-windows-x86_64 | 1.2 | 197.00 | 95.00 | 292.00 | OK |
Version: 1.2
Check: whether package can be installed
Result: WARN
Found the following significant warnings:
dfa.cpp:155:9: warning: using integer absolute value function 'abs' when argument is of floating point type [-Wabsolute-value]
See ‘/home/hornik/tmp/R.check/r-devel-clang/Work/PKGS/fractalRegression.Rcheck/00install.out’ for details.
* used C++ compiler: ‘Debian clang version 18.1.0 (rc4-1)’
Flavor: r-devel-linux-x86_64-debian-clang
Version: 1.2
Check: installed package size
Result: NOTE
installed size is 5.5Mb
sub-directories of 1Mb or more:
libs 5.1Mb
Flavors: r-release-macos-arm64, r-oldrel-macos-arm64, r-oldrel-macos-x86_64