Last updated on 2023-12-03 07:51:56 CET.
Flavor | Version | Tinstall | Tcheck | Ttotal | Status | Flags |
---|---|---|---|---|---|---|
r-devel-linux-x86_64-debian-clang | 2.5 | 8.57 | 89.25 | 97.82 | OK | |
r-devel-linux-x86_64-debian-gcc | 2.5 | 5.70 | 66.33 | 72.03 | OK | |
r-devel-linux-x86_64-fedora-clang | 2.5 | 122.40 | OK | |||
r-devel-linux-x86_64-fedora-gcc | 2.5 | 114.58 | OK | |||
r-devel-windows-x86_64 | 2.5 | 9.00 | 90.00 | 99.00 | OK | |
r-patched-linux-x86_64 | 2.5 | 5.23 | 85.21 | 90.44 | OK | |
r-release-linux-x86_64 | 2.5 | 5.36 | 84.43 | 89.79 | OK | |
r-release-macos-arm64 | 2.5 | 39.00 | OK | |||
r-release-macos-x86_64 | 2.5 | 56.00 | NOTE | |||
r-release-windows-x86_64 | 2.5 | 12.00 | 107.00 | 119.00 | OK | |
r-oldrel-macos-arm64 | 2.5 | 35.00 | OK | |||
r-oldrel-macos-x86_64 | 2.5 | 61.00 | OK | |||
r-oldrel-windows-x86_64 | 2.5 | 12.00 | 103.00 | 115.00 | OK |
Version: 2.5
Check: package dependencies
Result: NOTE
Package suggested but not available for checking: ‘Mcomp’
Flavor: r-release-macos-x86_64