Last updated on 2023-11-30 18:49:30 CET.
Flavor | Version | Tinstall | Tcheck | Ttotal | Status | Flags |
---|---|---|---|---|---|---|
r-devel-linux-x86_64-debian-clang | 2019.08.26 | 12.16 | 20.31 | 32.47 | NOTE | |
r-devel-linux-x86_64-debian-gcc | 2019.08.26 | 6.30 | 16.26 | 22.56 | NOTE | |
r-devel-linux-x86_64-fedora-clang | 2019.08.26 | 50.60 | OK | |||
r-devel-linux-x86_64-fedora-gcc | 2019.08.26 | 39.16 | OK | |||
r-devel-windows-x86_64 | 2019.08.26 | 11.00 | 55.00 | 66.00 | OK | |
r-patched-linux-x86_64 | 2019.08.26 | 9.46 | 20.44 | 29.90 | OK | |
r-release-linux-x86_64 | 2019.08.26 | 8.61 | 20.11 | 28.72 | OK | |
r-release-macos-arm64 | 2019.08.26 | 19.00 | OK | |||
r-release-macos-x86_64 | 2019.08.26 | 26.00 | OK | |||
r-release-windows-x86_64 | 2019.08.26 | 13.00 | 57.00 | 70.00 | OK | |
r-oldrel-macos-arm64 | 2019.08.26 | 20.00 | OK | |||
r-oldrel-macos-x86_64 | 2019.08.26 | 25.00 | OK | |||
r-oldrel-windows-x86_64 | 2019.08.26 | 17.00 | 60.00 | 77.00 | OK |
Version: 2019.08.26
Check: Rd files
Result: NOTE
checkRd: (-1) Fpop.Rd:8: Lost braces; missing escapes or markup?
8 | sum_{i=1}^n (x_i-m_i)^2 + lambda * sum_{i=1}^{n-1} I(m_i !=
| ^
checkRd: (-1) Fpop.Rd:8: Lost braces; missing escapes or markup?
8 | sum_{i=1}^n (x_i-m_i)^2 + lambda * sum_{i=1}^{n-1} I(m_i !=
| ^
checkRd: (-1) Fpop.Rd:8: Lost braces; missing escapes or markup?
8 | sum_{i=1}^n (x_i-m_i)^2 + lambda * sum_{i=1}^{n-1} I(m_i !=
| ^
checkRd: (-1) Fpop.Rd:9: Lost braces; missing escapes or markup?
9 | m_{i+1}), where the indicator function I counts the number of
| ^
Flavors: r-devel-linux-x86_64-debian-clang, r-devel-linux-x86_64-debian-gcc