Last updated on 2024-04-23 07:51:02 CEST.
Flavor | Version | Tinstall | Tcheck | Ttotal | Status | Flags |
---|---|---|---|---|---|---|
r-devel-linux-x86_64-debian-clang | 1.0.3 | 20.50 | 472.33 | 492.83 | OK | |
r-devel-linux-x86_64-debian-gcc | 1.0.3 | 14.73 | 392.41 | 407.14 | OK | |
r-devel-linux-x86_64-fedora-clang | 1.0.3 | 608.83 | NOTE | |||
r-devel-linux-x86_64-fedora-gcc | 1.0.3 | 604.88 | NOTE | |||
r-prerel-macos-arm64 | 1.0.3 | 170.00 | OK | |||
r-prerel-windows-x86_64 | 1.0.3 | 16.00 | 387.00 | 403.00 | OK | |
r-patched-linux-x86_64 | 1.0.3 | 18.61 | 488.53 | 507.14 | OK | |
r-release-linux-x86_64 | 1.0.3 | 18.09 | 476.44 | 494.53 | OK | |
r-release-macos-arm64 | 1.0.3 | 188.00 | OK | |||
r-release-macos-x86_64 | 1.0.3 | 322.00 | OK | |||
r-release-windows-x86_64 | 1.0.3 | 22.00 | 464.00 | 486.00 | OK | |
r-oldrel-macos-arm64 | 1.0.3 | 164.00 | NOTE | |||
r-oldrel-windows-x86_64 | 1.0.3 | 22.00 | 494.00 | 516.00 | OK |
Version: 1.0.3
Check: data for non-ASCII characters
Result: NOTE
Note: found 31 marked UTF-8 strings
Flavors: r-devel-linux-x86_64-fedora-clang, r-devel-linux-x86_64-fedora-gcc, r-oldrel-macos-arm64