Last updated on 2023-10-01 08:51:58 CEST.
Flavor | Version | Tinstall | Tcheck | Ttotal | Status | Flags |
---|---|---|---|---|---|---|
r-devel-linux-x86_64-debian-clang | 1.7.1 | 3.88 | 30.80 | 34.68 | NOTE | |
r-devel-linux-x86_64-debian-gcc | 1.7.1 | 3.06 | 24.38 | 27.44 | NOTE | |
r-devel-linux-x86_64-fedora-clang | 1.7.1 | 42.81 | NOTE | |||
r-devel-linux-x86_64-fedora-gcc | 1.7.1 | 42.04 | NOTE | |||
r-devel-windows-x86_64 | 1.7.1 | 5.00 | 48.00 | 53.00 | NOTE | |
r-patched-linux-x86_64 | 1.7.1 | 4.39 | 30.86 | 35.25 | NOTE | |
r-release-linux-x86_64 | 1.7.1 | 3.96 | 30.62 | 34.58 | NOTE | |
r-release-macos-arm64 | 1.7.1 | 22.00 | NOTE | |||
r-release-macos-x86_64 | 1.7.1 | 26.00 | NOTE | |||
r-release-windows-x86_64 | 1.7.1 | 6.00 | 47.00 | 53.00 | NOTE | |
r-oldrel-macos-arm64 | 1.7.1 | 21.00 | NOTE | |||
r-oldrel-macos-x86_64 | 1.7.1 | 24.00 | NOTE | |||
r-oldrel-windows-x86_64 | 1.7.1 | 6.00 | 49.00 | 55.00 | NOTE |
Version: 1.7.1
Check: LazyData
Result: NOTE
'LazyData' is specified without a 'data' directory
Flavors: r-devel-linux-x86_64-debian-clang, r-devel-linux-x86_64-debian-gcc, r-devel-linux-x86_64-fedora-clang, r-devel-linux-x86_64-fedora-gcc, r-devel-windows-x86_64, r-patched-linux-x86_64, r-release-linux-x86_64, r-release-macos-arm64, r-release-macos-x86_64, r-release-windows-x86_64, r-oldrel-macos-arm64, r-oldrel-macos-x86_64, r-oldrel-windows-x86_64