Last updated on 2023-09-22 08:55:46 CEST.
Flavor | Version | Tinstall | Tcheck | Ttotal | Status | Flags |
---|---|---|---|---|---|---|
r-devel-linux-x86_64-debian-clang | 0.9.0 | 14.32 | 574.41 | 588.73 | OK | |
r-devel-linux-x86_64-debian-gcc | 0.9.0 | 11.65 | 445.16 | 456.81 | OK | |
r-devel-linux-x86_64-fedora-clang | 0.9.0 | 714.98 | NOTE | |||
r-devel-linux-x86_64-fedora-gcc | 0.9.0 | 683.16 | NOTE | |||
r-devel-windows-x86_64 | 0.9.0 | 12.00 | 340.00 | 352.00 | OK | |
r-patched-linux-x86_64 | 0.9.0 | 9.08 | 528.68 | 537.76 | OK | |
r-release-linux-x86_64 | 0.9.0 | 9.64 | 540.87 | 550.51 | OK | |
r-release-macos-arm64 | 0.9.0 | 221.00 | OK | |||
r-release-macos-x86_64 | 0.9.0 | 346.00 | OK | |||
r-release-windows-x86_64 | 0.9.0 | 17.00 | 413.00 | 430.00 | OK | |
r-oldrel-macos-arm64 | 0.9.0 | 205.00 | NOTE | |||
r-oldrel-macos-x86_64 | 0.9.0 | 383.00 | NOTE | |||
r-oldrel-windows-x86_64 | 0.9.0 | 16.00 | 415.00 | 431.00 | OK |
Version: 0.9.0
Check: dependencies in R code
Result: NOTE
Namespace in Imports field not imported from: ‘dtplyr’
All declared Imports should be used.
Flavors: r-devel-linux-x86_64-fedora-clang, r-devel-linux-x86_64-fedora-gcc, r-oldrel-macos-arm64, r-oldrel-macos-x86_64