Last updated on 2024-04-23 19:50:44 CEST.
Flavor | Version | Tinstall | Tcheck | Ttotal | Status | Flags |
---|---|---|---|---|---|---|
r-devel-linux-x86_64-debian-clang | 0.9.0 | 13.20 | 565.94 | 579.14 | OK | |
r-devel-linux-x86_64-debian-gcc | 0.9.0 | 10.37 | 451.11 | 461.48 | OK | |
r-devel-linux-x86_64-fedora-clang | 0.9.0 | 716.94 | NOTE | |||
r-devel-linux-x86_64-fedora-gcc | 0.9.0 | 713.71 | NOTE | |||
r-prerel-macos-arm64 | 0.9.0 | 212.00 | OK | |||
r-prerel-windows-x86_64 | 0.9.0 | 15.00 | 320.00 | 335.00 | OK | |
r-patched-linux-x86_64 | 0.9.0 | 12.74 | 547.62 | 560.36 | OK | |
r-release-linux-x86_64 | 0.9.0 | 9.75 | 547.36 | 557.11 | OK | |
r-release-macos-arm64 | 0.9.0 | 221.00 | OK | |||
r-release-macos-x86_64 | 0.9.0 | 346.00 | OK | |||
r-release-windows-x86_64 | 0.9.0 | 16.00 | 411.00 | 427.00 | OK | |
r-oldrel-macos-arm64 | 0.9.0 | 205.00 | NOTE | |||
r-oldrel-windows-x86_64 | 0.9.0 | 16.00 | 398.00 | 414.00 | OK |
Version: 0.9.0
Check: dependencies in R code
Result: NOTE
Namespace in Imports field not imported from: ‘dtplyr’
All declared Imports should be used.
Flavors: r-devel-linux-x86_64-fedora-clang, r-devel-linux-x86_64-fedora-gcc, r-oldrel-macos-arm64