CRAN Package Check Results for Package forecast

Last updated on 2024-02-29 07:52:35 CET.

Flavor Version Tinstall Tcheck Ttotal Status Flags
r-devel-linux-x86_64-debian-clang 8.21.1 142.77 421.65 564.42 OK
r-devel-linux-x86_64-debian-gcc 8.21.1 110.64 305.67 416.31 OK
r-devel-linux-x86_64-fedora-clang 8.21.1 754.45 OK
r-devel-linux-x86_64-fedora-gcc 8.21.1 743.28 OK
r-devel-windows-x86_64 8.21.1 111.00 349.00 460.00 OK
r-patched-linux-x86_64 8.21.1 147.37 395.37 542.74 OK
r-release-linux-x86_64 8.21.1 139.54 408.46 548.00 OK
r-release-macos-arm64 8.21.1 162.00 NOTE
r-release-macos-x86_64 8.21.1 345.00 NOTE
r-release-windows-x86_64 8.21.1 143.00 441.00 584.00 OK
r-oldrel-macos-arm64 8.21.1 136.00 NOTE
r-oldrel-windows-x86_64 8.21.1 137.00 411.00 548.00 OK

Check Details

Version: 8.21.1
Check: installed package size
Result: NOTE installed size is 5.0Mb sub-directories of 1Mb or more: libs 3.4Mb Flavors: r-release-macos-arm64, r-release-macos-x86_64, r-oldrel-macos-arm64