Last updated on 2023-06-02 20:56:25 CEST.
Flavor | Version | Tinstall | Tcheck | Ttotal | Status | Flags |
---|---|---|---|---|---|---|
r-devel-linux-x86_64-debian-clang | 1.1.0 | 49.03 | 248.22 | 297.25 | OK | |
r-devel-linux-x86_64-debian-gcc | 1.1.0 | 34.28 | 207.84 | 242.12 | OK | |
r-devel-linux-x86_64-fedora-clang | 1.1.0 | 424.46 | NOTE | |||
r-devel-linux-x86_64-fedora-gcc | 1.1.0 | 359.90 | NOTE | |||
r-devel-windows-x86_64 | 1.1.0 | 41.00 | 289.00 | 330.00 | OK | |
r-patched-linux-x86_64 | 1.1.0 | OK | ||||
r-release-linux-x86_64 | 1.1.0 | 41.83 | 255.36 | 297.19 | OK | |
r-release-macos-arm64 | 1.1.0 | 122.00 | OK | |||
r-release-macos-x86_64 | 1.1.0 | 207.00 | OK | |||
r-release-windows-x86_64 | 1.1.0 | 53.00 | 331.00 | 384.00 | OK | |
r-oldrel-macos-arm64 | 1.1.0 | 109.00 | NOTE | |||
r-oldrel-macos-x86_64 | 1.1.0 | 167.00 | NOTE | |||
r-oldrel-windows-x86_64 | 1.1.0 | 48.00 | 308.00 | 356.00 | OK |
Version: 1.1.0
Check: dependencies in R code
Result: NOTE
Namespaces in Imports field not imported from:
‘RColorBrewer’ ‘Rcpp’ ‘doParallel’
All declared Imports should be used.
Flavors: r-devel-linux-x86_64-fedora-clang, r-devel-linux-x86_64-fedora-gcc, r-oldrel-macos-arm64, r-oldrel-macos-x86_64