Last updated on 2023-09-28 08:58:50 CEST.
Flavor | Version | Tinstall | Tcheck | Ttotal | Status | Flags |
---|---|---|---|---|---|---|
r-devel-linux-x86_64-debian-clang | 0.1.0 | 8.78 | 74.14 | 82.92 | NOTE | |
r-devel-linux-x86_64-debian-gcc | 0.1.0 | 6.86 | 55.19 | 62.05 | NOTE | |
r-devel-linux-x86_64-fedora-clang | 0.1.0 | 98.14 | NOTE | |||
r-devel-linux-x86_64-fedora-gcc | 0.1.0 | 307.38 | NOTE | |||
r-devel-windows-x86_64 | 0.1.0 | 10.00 | 76.00 | 86.00 | NOTE | |
r-patched-linux-x86_64 | 0.1.0 | 10.59 | 68.37 | 78.96 | NOTE | |
r-release-linux-x86_64 | 0.1.0 | 5.20 | 69.06 | 74.26 | NOTE | |
r-release-macos-arm64 | 0.1.0 | 120.00 | NOTE | |||
r-release-macos-x86_64 | 0.1.0 | 159.00 | NOTE | |||
r-release-windows-x86_64 | 0.1.0 | 11.00 | 83.00 | 94.00 | NOTE | |
r-oldrel-macos-arm64 | 0.1.0 | 109.00 | NOTE | |||
r-oldrel-macos-x86_64 | 0.1.0 | 160.00 | NOTE | |||
r-oldrel-windows-x86_64 | 0.1.0 | 10.00 | 93.00 | 103.00 | NOTE |
Version: 0.1.0
Check: package subdirectories
Result: NOTE
Problems with news in ‘NEWS.md’:
No news entries found.
Flavors: r-devel-linux-x86_64-debian-clang, r-devel-linux-x86_64-debian-gcc, r-devel-linux-x86_64-fedora-clang, r-devel-linux-x86_64-fedora-gcc, r-devel-windows-x86_64, r-patched-linux-x86_64, r-release-linux-x86_64, r-release-macos-arm64, r-release-macos-x86_64, r-release-windows-x86_64
Version: 0.1.0
Check: LazyData
Result: NOTE
'LazyData' is specified without a 'data' directory
Flavors: r-devel-linux-x86_64-debian-clang, r-devel-linux-x86_64-debian-gcc, r-devel-linux-x86_64-fedora-clang, r-devel-linux-x86_64-fedora-gcc, r-devel-windows-x86_64, r-patched-linux-x86_64, r-release-linux-x86_64, r-release-macos-arm64, r-release-macos-x86_64, r-release-windows-x86_64, r-oldrel-macos-arm64, r-oldrel-macos-x86_64, r-oldrel-windows-x86_64
Version: 0.1.0
Check: dependencies in R code
Result: NOTE
Namespace in Imports field not imported from: ‘grid’
All declared Imports should be used.
Flavors: r-devel-linux-x86_64-fedora-clang, r-devel-linux-x86_64-fedora-gcc, r-oldrel-macos-arm64, r-oldrel-macos-x86_64
Version: 0.1.0
Check: package dependencies
Result: NOTE
Package suggested but not available for checking: ‘minet’
Flavors: r-release-macos-x86_64, r-oldrel-macos-arm64