Last updated on 2023-11-28 07:53:02 CET.
Flavor | Version | Tinstall | Tcheck | Ttotal | Status | Flags |
---|---|---|---|---|---|---|
r-devel-linux-x86_64-debian-clang | 0.1.5 | 3.37 | 31.88 | 35.25 | NOTE | |
r-devel-linux-x86_64-debian-gcc | 0.1.5 | 2.48 | 24.27 | 26.75 | NOTE | |
r-devel-linux-x86_64-fedora-clang | 0.1.5 | 43.75 | NOTE | |||
r-devel-linux-x86_64-fedora-gcc | 0.1.5 | 41.70 | NOTE | |||
r-devel-windows-x86_64 | 0.1.5 | 5.00 | 54.00 | 59.00 | NOTE | |
r-patched-linux-x86_64 | 0.1.5 | 3.34 | 30.94 | 34.28 | NOTE | |
r-release-linux-x86_64 | 0.1.5 | 2.03 | 30.98 | 33.01 | NOTE | |
r-release-macos-arm64 | 0.1.5 | 18.00 | NOTE | |||
r-release-macos-x86_64 | 0.1.5 | 25.00 | NOTE | |||
r-release-windows-x86_64 | 0.1.5 | 6.00 | 55.00 | 61.00 | NOTE | |
r-oldrel-macos-arm64 | 0.1.5 | 17.00 | NOTE | |||
r-oldrel-macos-x86_64 | 0.1.5 | 32.00 | NOTE | |||
r-oldrel-windows-x86_64 | 0.1.5 | 7.00 | 52.00 | 59.00 | NOTE |
Version: 0.1.5
Check: LazyData
Result: NOTE
'LazyData' is specified without a 'data' directory
Flavors: r-devel-linux-x86_64-debian-clang, r-devel-linux-x86_64-debian-gcc, r-devel-linux-x86_64-fedora-clang, r-devel-linux-x86_64-fedora-gcc, r-devel-windows-x86_64, r-patched-linux-x86_64, r-release-linux-x86_64, r-release-macos-arm64, r-release-macos-x86_64, r-release-windows-x86_64, r-oldrel-macos-arm64, r-oldrel-macos-x86_64, r-oldrel-windows-x86_64