Last updated on 2024-04-22 19:56:12 CEST.
Flavor | Version | Tinstall | Tcheck | Ttotal | Status | Flags |
---|---|---|---|---|---|---|
r-devel-linux-x86_64-debian-clang | 0.0-1 | 41.72 | 106.76 | 148.48 | NOTE | |
r-devel-linux-x86_64-debian-gcc | 0.0-1 | 35.24 | 76.90 | 112.14 | NOTE | |
r-devel-linux-x86_64-fedora-clang | 0.0-1 | 193.55 | NOTE | |||
r-devel-linux-x86_64-fedora-gcc | 0.0-1 | 186.07 | NOTE | |||
r-prerel-macos-arm64 | 0.0-1 | 46.00 | NOTE | |||
r-prerel-windows-x86_64 | 0.0-1 | 36.00 | 103.00 | 139.00 | NOTE | |
r-patched-linux-x86_64 | 0.0-1 | 40.61 | 98.21 | 138.82 | NOTE | |
r-release-linux-x86_64 | 0.0-1 | 37.92 | 100.49 | 138.41 | NOTE | |
r-release-macos-arm64 | 0.0-1 | 54.00 | NOTE | |||
r-release-macos-x86_64 | 0.0-1 | 94.00 | NOTE | |||
r-release-windows-x86_64 | 0.0-1 | 45.00 | 128.00 | 173.00 | NOTE | |
r-oldrel-macos-arm64 | 0.0-1 | 50.00 | OK | |||
r-oldrel-windows-x86_64 | 0.0-1 | 44.00 | 123.00 | 167.00 | OK |
Version: 0.0-1
Check: C++ specification
Result: NOTE
Specified C++11: please drop specification unless essential
Flavors: r-devel-linux-x86_64-debian-clang, r-devel-linux-x86_64-debian-gcc, r-devel-linux-x86_64-fedora-clang, r-devel-linux-x86_64-fedora-gcc, r-prerel-macos-arm64, r-prerel-windows-x86_64, r-patched-linux-x86_64, r-release-linux-x86_64, r-release-macos-arm64, r-release-macos-x86_64, r-release-windows-x86_64
Version: 0.0-1
Check: dependencies in R code
Result: NOTE
Namespace in Imports field not imported from: ‘MASS’
All declared Imports should be used.
Flavors: r-devel-linux-x86_64-fedora-clang, r-devel-linux-x86_64-fedora-gcc