CRAN Package Check Results for Package flexsurv

Last updated on 2023-10-01 08:51:58 CEST.

Flavor Version Tinstall Tcheck Ttotal Status Flags
r-devel-linux-x86_64-debian-clang 2.2.2 84.10 434.86 518.96 OK
r-devel-linux-x86_64-debian-gcc 2.2.2 56.07 319.38 375.45 OK
r-devel-linux-x86_64-fedora-clang 2.2.2 673.62 OK
r-devel-linux-x86_64-fedora-gcc 2.2.2 688.44 OK
r-devel-windows-x86_64 2.2.2 69.00 420.00 489.00 OK
r-patched-linux-x86_64 2.2.2 87.56 412.86 500.42 OK
r-release-linux-x86_64 2.2.2 84.24 412.84 497.08 OK
r-release-macos-arm64 2.2.2 201.00 OK
r-release-macos-x86_64 2.2.2 309.00 NOTE
r-release-windows-x86_64 2.2.2 88.00 492.00 580.00 OK
r-oldrel-macos-arm64 2.2.2 153.00 OK
r-oldrel-macos-x86_64 2.2.2 230.00 OK
r-oldrel-windows-x86_64 2.2.2 81.00 458.00 539.00 OK

Check Details

Version: 2.2.2
Check: package dependencies
Result: NOTE
    Packages suggested but not available for checking:
     'flexsurvcure', 'survminer'
Flavor: r-release-macos-x86_64

Version: 2.2.2
Check: re-building of vignette outputs
Result: NOTE
    Error(s) in re-building vignettes:
    --- re-building ‘standsurv.Rmd’ using rmarkdown
    Pandoc is required to build R Markdown vignettes but not available. Please make sure it is installed.
    Quitting from lines 85-90 (standsurv.Rmd)
    Error: processing vignette 'standsurv.Rmd' failed with diagnostics:
    there is no package called 'flexsurvcure'
    --- failed re-building ‘standsurv.Rmd’
    
    --- re-building ‘flexsurv.Rnw’ using knitr
    --- finished re-building ‘flexsurv.Rnw’
    
    --- re-building ‘multistate.Rnw’ using knitr
    --- finished re-building ‘multistate.Rnw’
    
    --- re-building ‘distributions.Rnw’ using Sweave
    --- finished re-building ‘distributions.Rnw’
    
    --- re-building ‘flexsurv-examples.Rnw’ using Sweave
    Loading required package: survival
    Forming integrated rmst function...
    Forming integrated mean function...
    Loading required package: TH.data
    Loading required package: MASS
    
    Attaching package: ‘TH.data’
    
    The following object is masked from ‘package:MASS’:
    
     geyser
    
    --- finished re-building ‘flexsurv-examples.Rnw’
    
    SUMMARY: processing the following file failed:
     ‘standsurv.Rmd’
    
    Error: Vignette re-building failed.
    Execution halted
Flavor: r-release-macos-x86_64