Last updated on 2024-03-29 07:54:43 CET.
Flavor | Version | Tinstall | Tcheck | Ttotal | Status | Flags |
---|---|---|---|---|---|---|
r-devel-linux-x86_64-debian-clang | 0.9.0 | 5.32 | 117.92 | 123.24 | NOTE | |
r-devel-linux-x86_64-debian-gcc | 0.9.0 | 5.58 | 86.16 | 91.74 | NOTE | |
r-devel-linux-x86_64-fedora-clang | 0.9.0 | 149.02 | NOTE | |||
r-devel-linux-x86_64-fedora-gcc | 0.9.0 | 158.99 | NOTE | |||
r-devel-windows-x86_64 | 0.9.0 | 7.00 | 107.00 | 114.00 | NOTE | |
r-patched-linux-x86_64 | 0.9.0 | 5.17 | 111.19 | 116.36 | NOTE | |
r-release-linux-x86_64 | 0.9.0 | 4.40 | 108.88 | 113.28 | OK | |
r-release-macos-arm64 | 0.9.0 | 49.00 | OK | |||
r-release-macos-x86_64 | 0.9.0 | 98.00 | OK | |||
r-release-windows-x86_64 | 0.9.0 | 10.00 | 130.00 | 140.00 | OK | |
r-oldrel-macos-arm64 | 0.9.0 | 47.00 | OK | |||
r-oldrel-windows-x86_64 | 0.9.0 | 11.00 | 125.00 | 136.00 | OK |
Version: 0.9.0
Check: Rd files
Result: NOTE
checkRd: (-1) flashlight.Rd:53: Lost braces; missing escapes or markup?
53 | like those in package {MetricsWeighted}.}
| ^
checkRd: (-1) grouped_stats.Rd:49: Lost braces; missing escapes or markup?
49 | {MetricsWeighted}.}
| ^
checkRd: (-1) plot_counts.Rd:45: Lost braces; missing escapes or markup?
45 | Experimental. Uses package {ggpubr} to rearrange the figure.
| ^
Flavors: r-devel-linux-x86_64-debian-clang, r-devel-linux-x86_64-debian-gcc, r-devel-linux-x86_64-fedora-clang, r-devel-linux-x86_64-fedora-gcc, r-devel-windows-x86_64, r-patched-linux-x86_64