Last updated on 2024-03-29 07:54:43 CET.
Flavor | Version | Tinstall | Tcheck | Ttotal | Status | Flags |
---|---|---|---|---|---|---|
r-devel-linux-x86_64-debian-clang | 0.2.0 | 8.83 | 69.74 | 78.57 | NOTE | |
r-devel-linux-x86_64-debian-gcc | 0.2.0 | 6.07 | 51.64 | 57.71 | NOTE | |
r-devel-linux-x86_64-fedora-clang | 0.2.0 | 101.72 | NOTE | |||
r-devel-linux-x86_64-fedora-gcc | 0.2.0 | 95.46 | NOTE | |||
r-devel-windows-x86_64 | 0.2.0 | 9.00 | 69.00 | 78.00 | NOTE | |
r-patched-linux-x86_64 | 0.2.0 | 6.88 | 66.44 | 73.32 | NOTE | |
r-release-linux-x86_64 | 0.2.0 | 4.93 | 67.20 | 72.13 | NOTE | |
r-release-macos-arm64 | 0.2.0 | 34.00 | NOTE | |||
r-release-macos-x86_64 | 0.2.0 | 46.00 | NOTE | |||
r-release-windows-x86_64 | 0.2.0 | 11.00 | 80.00 | 91.00 | NOTE | |
r-oldrel-macos-arm64 | 0.2.0 | 32.00 | OK | |||
r-oldrel-windows-x86_64 | 0.2.0 | 10.00 | 87.00 | 97.00 | NOTE |
Version: 0.2.0
Check: package dependencies
Result: NOTE
Packages suggested but not available for checking:
'nCDunnett', 'reliaR', 'STAR'
Flavors: r-devel-linux-x86_64-debian-clang, r-devel-linux-x86_64-debian-gcc, r-devel-linux-x86_64-fedora-clang, r-devel-linux-x86_64-fedora-gcc, r-patched-linux-x86_64, r-release-linux-x86_64
Version: 0.2.0
Check: package dependencies
Result: NOTE
Packages suggested but not available for checking: 'reliaR', 'STAR'
Flavors: r-devel-windows-x86_64, r-release-windows-x86_64, r-oldrel-windows-x86_64
Version: 0.2.0
Check: package dependencies
Result: NOTE
Packages suggested but not available for checking:
'benchden', 'reliaR', 'STAR'
Flavors: r-release-macos-arm64, r-release-macos-x86_64