Last updated on 2023-09-23 08:10:55 CEST.
Flavor | Version | Tinstall | Tcheck | Ttotal | Status | Flags |
---|---|---|---|---|---|---|
r-devel-linux-x86_64-debian-clang | 1.5.0 | 11.93 | 182.07 | 194.00 | OK | |
r-devel-linux-x86_64-debian-gcc | 1.5.0 | 8.01 | 131.43 | 139.44 | OK | |
r-devel-linux-x86_64-fedora-clang | 1.5.0 | 244.24 | NOTE | |||
r-devel-linux-x86_64-fedora-gcc | 1.5.0 | 226.80 | OK | |||
r-devel-windows-x86_64 | 1.5.0 | 10.00 | 189.00 | 199.00 | OK | |
r-patched-linux-x86_64 | 1.5.0 | 13.60 | 177.16 | 190.76 | OK | |
r-release-linux-x86_64 | 1.5.0 | 8.61 | 180.02 | 188.63 | OK | |
r-release-macos-arm64 | 1.5.0 | 62.00 | OK | |||
r-release-macos-x86_64 | 1.5.0 | 110.00 | OK | |||
r-release-windows-x86_64 | 1.5.0 | 13.00 | 215.00 | 228.00 | OK | |
r-oldrel-macos-arm64 | 1.5.0 | 61.00 | OK | |||
r-oldrel-macos-x86_64 | 1.5.0 | 78.00 | OK | |||
r-oldrel-windows-x86_64 | 1.5.0 | 14.00 | 198.00 | 212.00 | OK |
Version: 1.5.0
Check: Rd cross-references
Result: NOTE
Undeclared package ‘extraDistr’ in Rd xrefs
Flavor: r-devel-linux-x86_64-fedora-clang