CRAN Package Check Results for Package fishtree

Last updated on 2023-10-02 20:11:59 CEST.

Flavor Version Tinstall Tcheck Ttotal Status Flags
r-devel-linux-x86_64-debian-clang 0.3.4 3.07 40.43 43.50 NOTE
r-devel-linux-x86_64-debian-gcc 0.3.4 1.53 30.88 32.41 NOTE
r-devel-linux-x86_64-fedora-clang 0.3.4 52.56 NOTE
r-devel-linux-x86_64-fedora-gcc 0.3.4 62.75 NOTE
r-devel-windows-x86_64 0.3.4 4.00 56.00 60.00 NOTE
r-patched-linux-x86_64 0.3.4 1.96 37.79 39.75 NOTE
r-release-linux-x86_64 0.3.4 3.01 38.88 41.89 NOTE
r-release-macos-arm64 0.3.4 29.00 NOTE
r-release-macos-x86_64 0.3.4 47.00 NOTE
r-release-windows-x86_64 0.3.4 6.00 58.00 64.00 NOTE
r-oldrel-macos-arm64 0.3.4 22.00 NOTE
r-oldrel-macos-x86_64 0.3.4 35.00 NOTE
r-oldrel-windows-x86_64 0.3.4 8.00 60.00 68.00 NOTE

Check Details

Version: 0.3.4
Check: LazyData
Result: NOTE
     'LazyData' is specified without a 'data' directory
Flavors: r-devel-linux-x86_64-debian-clang, r-devel-linux-x86_64-debian-gcc, r-devel-linux-x86_64-fedora-clang, r-devel-linux-x86_64-fedora-gcc, r-devel-windows-x86_64, r-patched-linux-x86_64, r-release-linux-x86_64, r-release-macos-arm64, r-release-macos-x86_64, r-release-windows-x86_64, r-oldrel-macos-arm64, r-oldrel-macos-x86_64, r-oldrel-windows-x86_64