Last updated on 2024-04-18 20:55:36 CEST.
Flavor | Version | Tinstall | Tcheck | Ttotal | Status | Flags |
---|---|---|---|---|---|---|
r-devel-linux-x86_64-debian-clang | 1.1 | 46.64 | 181.90 | 228.54 | OK | |
r-devel-linux-x86_64-debian-gcc | 1.1 | 35.31 | 134.95 | 170.26 | OK | |
r-devel-linux-x86_64-fedora-clang | 1.1 | 297.98 | NOTE | |||
r-devel-linux-x86_64-fedora-gcc | 1.1 | 287.01 | NOTE | |||
r-prerel-macos-arm64 | 1.1 | 112.00 | OK | |||
r-prerel-windows-x86_64 | 1.1 | 38.00 | 136.00 | 174.00 | OK | |
r-patched-linux-x86_64 | 1.1 | 40.35 | 171.71 | 212.06 | OK | |
r-release-linux-x86_64 | 1.1 | 37.44 | 159.91 | 197.35 | OK | |
r-release-macos-arm64 | 1.1 | 84.00 | OK | |||
r-release-macos-x86_64 | 1.1 | 129.00 | OK | |||
r-release-windows-x86_64 | 1.1 | 47.00 | 172.00 | 219.00 | OK | |
r-oldrel-macos-arm64 | 1.1 | 110.00 | NOTE | |||
r-oldrel-windows-x86_64 | 1.1 | 48.00 | 166.00 | 214.00 | OK |
Version: 1.1
Check: dependencies in R code
Result: NOTE
Namespace in Imports field not imported from: ‘RcppProgress’
All declared Imports should be used.
Flavors: r-devel-linux-x86_64-fedora-clang, r-devel-linux-x86_64-fedora-gcc, r-oldrel-macos-arm64