Last updated on 2024-03-28 07:52:49 CET.
Flavor | Version | Tinstall | Tcheck | Ttotal | Status | Flags |
---|---|---|---|---|---|---|
r-devel-linux-x86_64-debian-clang | 0.2.0 | 36.92 | 80.95 | 117.87 | OK | |
r-devel-linux-x86_64-debian-gcc | 0.2.0 | 33.20 | 67.35 | 100.55 | OK | |
r-devel-linux-x86_64-fedora-clang | 0.2.0 | 173.56 | OK | |||
r-devel-linux-x86_64-fedora-gcc | 0.2.0 | 186.16 | OK | |||
r-devel-windows-x86_64 | 0.2.0 | 33.00 | 104.00 | 137.00 | OK | |
r-patched-linux-x86_64 | 0.2.0 | 40.79 | 81.25 | 122.04 | OK | |
r-release-linux-x86_64 | 0.2.0 | 45.66 | 82.27 | 127.93 | OK | |
r-release-macos-arm64 | 0.2.0 | 58.00 | NOTE | |||
r-release-macos-x86_64 | 0.2.0 | 151.00 | NOTE | |||
r-release-windows-x86_64 | 0.2.0 | 39.00 | 119.00 | 158.00 | OK | |
r-oldrel-macos-arm64 | 0.2.0 | 56.00 | NOTE | |||
r-oldrel-windows-x86_64 | 0.2.0 | 39.00 | 122.00 | 161.00 | OK |
Version: 0.2.0
Check: installed package size
Result: NOTE
installed size is 8.2Mb
sub-directories of 1Mb or more:
libs 6.8Mb
Flavors: r-release-macos-arm64, r-release-macos-x86_64, r-oldrel-macos-arm64