Last updated on 2023-09-28 19:59:40 CEST.
Flavor | Version | Tinstall | Tcheck | Ttotal | Status | Flags |
---|---|---|---|---|---|---|
r-devel-linux-x86_64-debian-clang | 0.2.0 | 30.25 | 87.24 | 117.49 | OK | |
r-devel-linux-x86_64-debian-gcc | 0.2.0 | 25.90 | 65.13 | 91.03 | OK | |
r-devel-linux-x86_64-fedora-clang | 0.2.0 | 153.75 | OK | |||
r-devel-linux-x86_64-fedora-gcc | 0.2.0 | 165.86 | OK | |||
r-devel-windows-x86_64 | 0.2.0 | 31.00 | 121.00 | 152.00 | OK | |
r-patched-linux-x86_64 | 0.2.0 | 41.03 | 81.13 | 122.16 | OK | |
r-release-linux-x86_64 | 0.2.0 | 42.46 | 82.72 | 125.18 | OK | |
r-release-macos-arm64 | 0.2.0 | 58.00 | NOTE | |||
r-release-macos-x86_64 | 0.2.0 | 151.00 | NOTE | |||
r-release-windows-x86_64 | 0.2.0 | 38.00 | 133.00 | 171.00 | OK | |
r-oldrel-macos-arm64 | 0.2.0 | 56.00 | NOTE | |||
r-oldrel-macos-x86_64 | 0.2.0 | 60.00 | NOTE | |||
r-oldrel-windows-x86_64 | 0.2.0 | 35.00 | 135.00 | 170.00 | OK |
Version: 0.2.0
Check: installed package size
Result: NOTE
installed size is 8.2Mb
sub-directories of 1Mb or more:
libs 6.8Mb
Flavors: r-release-macos-arm64, r-release-macos-x86_64, r-oldrel-macos-arm64, r-oldrel-macos-x86_64