CRAN Package Check Results for Package filling

Last updated on 2023-05-29 20:00:23 CEST.

Flavor Version Tinstall Tcheck Ttotal Status Flags
r-devel-linux-x86_64-debian-clang 0.2.3 74.69 148.82 223.51 NOTE
r-devel-linux-x86_64-debian-gcc 0.2.3 59.10 115.22 174.32 NOTE
r-devel-linux-x86_64-fedora-clang 0.2.3 306.73 NOTE
r-devel-linux-x86_64-fedora-gcc 0.2.3 291.60 NOTE
r-devel-windows-x86_64 0.2.3 58.00 136.00 194.00 NOTE
r-patched-linux-x86_64 0.2.3 59.83 144.26 204.09 NOTE
r-release-linux-x86_64 0.2.3 63.35 142.67 206.02 NOTE
r-release-macos-arm64 0.2.3 76.00 NOTE
r-release-macos-x86_64 0.2.3 138.00 NOTE
r-release-windows-x86_64 0.2.3 78.00 180.00 258.00 NOTE
r-oldrel-macos-arm64 0.2.3 73.00 OK
r-oldrel-macos-x86_64 0.2.3 98.00 OK
r-oldrel-windows-x86_64 0.2.3 72.00 162.00 234.00 OK

Check Details

Version: 0.2.3
Check: C++ specification
Result: NOTE
     Specified C++11: please drop specification unless essential
Flavors: r-devel-linux-x86_64-debian-clang, r-devel-linux-x86_64-debian-gcc, r-devel-linux-x86_64-fedora-clang, r-devel-linux-x86_64-fedora-gcc, r-devel-windows-x86_64, r-patched-linux-x86_64, r-release-linux-x86_64, r-release-macos-arm64, r-release-macos-x86_64, r-release-windows-x86_64