CRAN Package Check Results for Package fido

Last updated on 2023-10-04 08:01:37 CEST.

Flavor Version Tinstall Tcheck Ttotal Status Flags
r-devel-linux-x86_64-debian-clang 1.0.4 342.61 189.23 531.84 NOTE
r-devel-linux-x86_64-debian-gcc 1.0.4 264.71 155.20 419.91 NOTE
r-devel-linux-x86_64-fedora-clang 1.0.4 690.68 NOTE
r-devel-linux-x86_64-fedora-gcc 1.0.4 801.84 NOTE
r-devel-windows-x86_64 1.0.4 246.00 203.00 449.00 NOTE
r-patched-linux-x86_64 1.0.4 247.76 198.01 445.77 NOTE
r-release-linux-x86_64 1.0.4 345.81 203.07 548.88 NOTE
r-release-macos-arm64 1.0.4 173.00 ERROR
r-release-macos-x86_64 1.0.4 214.00 ERROR
r-release-windows-x86_64 1.0.4 341.00 243.00 584.00 NOTE
r-oldrel-macos-arm64 1.0.4 124.00 NOTE
r-oldrel-macos-x86_64 1.0.4 233.00 NOTE
r-oldrel-windows-x86_64 1.0.4 324.00 217.00 541.00 NOTE

Check Details

Version: 1.0.4
Check: package dependencies
Result: NOTE
    Package suggested but not available for checking: ‘MicrobeDS’
Flavors: r-devel-linux-x86_64-debian-clang, r-devel-linux-x86_64-debian-gcc, r-devel-linux-x86_64-fedora-clang, r-devel-linux-x86_64-fedora-gcc, r-devel-windows-x86_64, r-patched-linux-x86_64, r-release-linux-x86_64, r-release-windows-x86_64, r-oldrel-macos-arm64, r-oldrel-macos-x86_64, r-oldrel-windows-x86_64

Version: 1.0.4
Check: package dependencies
Result: NOTE
    Packages suggested but not available for checking: 'MicrobeDS', 'phyloseq'
Flavors: r-release-macos-arm64, r-release-macos-x86_64

Version: 1.0.4
Check: installed package size
Result: NOTE
     installed size is 39.9Mb
     sub-directories of 1Mb or more:
     libs 38.3Mb
Flavors: r-release-macos-arm64, r-release-macos-x86_64, r-oldrel-macos-arm64, r-oldrel-macos-x86_64

Version: 1.0.4
Check: tests
Result: ERROR
     Running ‘testthat.R’ [8s/8s]
    Running the tests in ‘tests/testthat.R’ failed.
    Last 13 lines of output:
     attr(,"class")
     [1] "gg" "ggplot"
     [ FAIL 1 | WARN 0 | SKIP 0 | PASS 101 ]
    
     ══ Failed tests ════════════════════════════════════════════════════════════════
     ── Error ('test-ilr.R:11:3'): clr plus summary works ───────────────────────────
     <packageNotFoundError/error/condition>
     Error in `library(phyloseq)`: there is no package called 'phyloseq'
     Backtrace:
     ▆
     1. └─base::library(phyloseq) at test-ilr.R:11:2
    
     [ FAIL 1 | WARN 0 | SKIP 0 | PASS 101 ]
     Error: Test failures
     Execution halted
Flavor: r-release-macos-arm64

Version: 1.0.4
Check: tests
Result: ERROR
     Running ‘testthat.R’ [14s/30s]
    Running the tests in ‘tests/testthat.R’ failed.
    Last 13 lines of output:
     attr(,"class")
     [1] "gg" "ggplot"
     [ FAIL 1 | WARN 0 | SKIP 0 | PASS 101 ]
    
     ══ Failed tests ════════════════════════════════════════════════════════════════
     ── Error ('test-ilr.R:11:3'): clr plus summary works ───────────────────────────
     <packageNotFoundError/error/condition>
     Error in `library(phyloseq)`: there is no package called 'phyloseq'
     Backtrace:
     ▆
     1. └─base::library(phyloseq) at test-ilr.R:11:2
    
     [ FAIL 1 | WARN 0 | SKIP 0 | PASS 101 ]
     Error: Test failures
     Execution halted
Flavor: r-release-macos-x86_64