Last updated on 2024-04-18 20:55:36 CEST.
Flavor | Version | Tinstall | Tcheck | Ttotal | Status | Flags |
---|---|---|---|---|---|---|
r-devel-linux-x86_64-debian-clang | 1.0 | 12.67 | 106.21 | 118.88 | NOTE | |
r-devel-linux-x86_64-debian-gcc | 1.0 | 9.53 | 78.48 | 88.01 | NOTE | |
r-devel-linux-x86_64-fedora-clang | 1.0 | 143.84 | NOTE | |||
r-devel-linux-x86_64-fedora-gcc | 1.0 | 135.97 | NOTE | |||
r-prerel-macos-arm64 | 1.0 | 44.00 | NOTE | |||
r-prerel-windows-x86_64 | 1.0 | 11.00 | 93.00 | 104.00 | NOTE | |
r-patched-linux-x86_64 | 1.0 | 6.91 | 99.61 | 106.52 | NOTE | |
r-release-linux-x86_64 | 1.0 | 8.15 | 101.31 | 109.46 | NOTE | |
r-release-macos-arm64 | 1.0 | 43.00 | NOTE | |||
r-release-macos-x86_64 | 1.0 | 68.00 | NOTE | |||
r-release-windows-x86_64 | 1.0 | 14.00 | 108.00 | 122.00 | NOTE | |
r-oldrel-macos-arm64 | 1.0 | 43.00 | NOTE | |||
r-oldrel-windows-x86_64 | 1.0 | 15.00 | 112.00 | 127.00 | NOTE |
Version: 1.0
Check: LazyData
Result: NOTE
'LazyData' is specified without a 'data' directory
Flavors: r-devel-linux-x86_64-debian-clang, r-devel-linux-x86_64-debian-gcc, r-devel-linux-x86_64-fedora-clang, r-devel-linux-x86_64-fedora-gcc, r-prerel-macos-arm64, r-prerel-windows-x86_64, r-patched-linux-x86_64, r-release-linux-x86_64, r-release-macos-arm64, r-release-macos-x86_64, r-release-windows-x86_64, r-oldrel-macos-arm64, r-oldrel-windows-x86_64