Last updated on 2023-11-30 07:52:34 CET.
Flavor | Version | Tinstall | Tcheck | Ttotal | Status | Flags |
---|---|---|---|---|---|---|
r-devel-linux-x86_64-debian-clang | 1.0.3 | 3.86 | 31.37 | 35.23 | OK | |
r-devel-linux-x86_64-debian-gcc | 1.0.3 | 3.21 | 23.74 | 26.95 | OK | |
r-devel-linux-x86_64-fedora-clang | 1.0.3 | 44.09 | NOTE | |||
r-devel-linux-x86_64-fedora-gcc | 1.0.3 | 41.53 | NOTE | |||
r-devel-windows-x86_64 | 1.0.3 | 5.00 | 46.00 | 51.00 | OK | |
r-patched-linux-x86_64 | 1.0.3 | 4.12 | 30.18 | 34.30 | OK | |
r-release-linux-x86_64 | 1.0.3 | 4.04 | 30.24 | 34.28 | OK | |
r-release-macos-arm64 | 1.0.3 | 20.00 | OK | |||
r-release-macos-x86_64 | 1.0.3 | 25.00 | OK | |||
r-release-windows-x86_64 | 1.0.3 | 6.00 | 47.00 | 53.00 | OK | |
r-oldrel-macos-arm64 | 1.0.3 | 23.00 | OK | |||
r-oldrel-macos-x86_64 | 1.0.3 | 34.00 | OK | |||
r-oldrel-windows-x86_64 | 1.0.3 | 6.00 | 55.00 | 61.00 | OK |
Version: 1.0.3
Check: data for non-ASCII characters
Result: NOTE
Note: found 43825 marked UTF-8 strings
Flavors: r-devel-linux-x86_64-fedora-clang, r-devel-linux-x86_64-fedora-gcc