Last updated on 2024-04-19 19:50:13 CEST.
Flavor | Version | Tinstall | Tcheck | Ttotal | Status | Flags |
---|---|---|---|---|---|---|
r-devel-linux-x86_64-debian-clang | 2.0.5 | 24.55 | 72.54 | 97.09 | NOTE | |
r-devel-linux-x86_64-debian-gcc | 2.0.5 | NOTE | ||||
r-devel-linux-x86_64-fedora-clang | 2.0.5 | 138.70 | NOTE | |||
r-devel-linux-x86_64-fedora-gcc | 2.0.5 | 139.10 | NOTE | |||
r-prerel-macos-arm64 | 2.0.5 | 46.00 | NOTE | |||
r-prerel-windows-x86_64 | 2.0.5 | 24.00 | 103.00 | 127.00 | NOTE | |
r-patched-linux-x86_64 | 2.0.5 | 25.51 | 69.80 | 95.31 | NOTE | |
r-release-linux-x86_64 | 2.0.5 | 25.83 | 69.79 | 95.62 | NOTE | |
r-release-macos-arm64 | 2.0.5 | 51.00 | NOTE | |||
r-release-macos-x86_64 | 2.0.5 | 71.00 | NOTE | |||
r-release-windows-x86_64 | 2.0.5 | 28.00 | 117.00 | 145.00 | NOTE | |
r-oldrel-macos-arm64 | 2.0.5 | 38.00 | OK | |||
r-oldrel-windows-x86_64 | 2.0.5 | 28.00 | 110.00 | 138.00 | OK |
Version: 2.0.5
Check: C++ specification
Result: NOTE
Specified C++11: please drop specification unless essential
Flavors: r-devel-linux-x86_64-debian-clang, r-devel-linux-x86_64-debian-gcc, r-devel-linux-x86_64-fedora-clang, r-devel-linux-x86_64-fedora-gcc, r-prerel-macos-arm64, r-prerel-windows-x86_64, r-patched-linux-x86_64, r-release-linux-x86_64, r-release-macos-arm64, r-release-macos-x86_64, r-release-windows-x86_64