Last updated on 2023-05-28 20:03:57 CEST.
Flavor | Version | Tinstall | Tcheck | Ttotal | Status | Flags |
---|---|---|---|---|---|---|
r-devel-linux-x86_64-debian-clang | 0.5-2 | 33.12 | 111.02 | 144.14 | NOTE | |
r-devel-linux-x86_64-debian-gcc | 0.5-2 | 26.40 | 86.07 | 112.47 | NOTE | |
r-devel-linux-x86_64-fedora-clang | 0.5-2 | 214.12 | NOTE | |||
r-devel-linux-x86_64-fedora-gcc | 0.5-2 | 217.03 | NOTE | |||
r-devel-windows-x86_64 | 0.5-2 | 25.00 | 144.00 | 169.00 | NOTE | |
r-patched-linux-x86_64 | 0.5-2 | 31.71 | 104.94 | 136.65 | NOTE | |
r-release-linux-x86_64 | 0.5-2 | 30.47 | 106.93 | 137.40 | NOTE | |
r-release-macos-arm64 | 0.5-2 | 65.00 | NOTE | |||
r-release-macos-x86_64 | 0.5-2 | 108.00 | NOTE | |||
r-release-windows-x86_64 | 0.5-2 | 27.00 | 168.00 | 195.00 | NOTE | |
r-oldrel-macos-arm64 | 0.5-2 | 52.00 | OK | |||
r-oldrel-macos-x86_64 | 0.5-2 | 97.00 | OK | |||
r-oldrel-windows-x86_64 | 0.5-2 | 35.00 | 161.00 | 196.00 | OK |
Version: 0.5-2
Check: C++ specification
Result: NOTE
Specified C++11: please drop specification unless essential
Flavors: r-devel-linux-x86_64-debian-clang, r-devel-linux-x86_64-debian-gcc, r-devel-linux-x86_64-fedora-clang, r-devel-linux-x86_64-fedora-gcc, r-devel-windows-x86_64, r-patched-linux-x86_64, r-release-linux-x86_64, r-release-macos-arm64, r-release-macos-x86_64, r-release-windows-x86_64