Last updated on 2023-05-29 08:54:58 CEST.
Flavor | Version | Tinstall | Tcheck | Ttotal | Status | Flags |
---|---|---|---|---|---|---|
r-devel-linux-x86_64-debian-clang | 2.0.2 | 99.17 | 178.23 | 277.40 | OK | |
r-devel-linux-x86_64-debian-gcc | 2.0.2 | 76.52 | 132.53 | 209.05 | OK | |
r-devel-linux-x86_64-fedora-clang | 2.0.2 | 364.71 | OK | |||
r-devel-linux-x86_64-fedora-gcc | 2.0.2 | 356.79 | OK | |||
r-devel-windows-x86_64 | 2.0.2 | 72.00 | 167.00 | 239.00 | OK | |
r-patched-linux-x86_64 | 2.0.2 | 71.98 | 171.76 | 243.74 | OK | |
r-release-linux-x86_64 | 2.0.2 | 60.05 | 170.27 | 230.32 | OK | |
r-release-macos-arm64 | 2.0.2 | 91.00 | NOTE | |||
r-release-macos-x86_64 | 2.0.1 | 183.00 | NOTE | |||
r-release-windows-x86_64 | 2.0.2 | 96.00 | 213.00 | 309.00 | OK | |
r-oldrel-macos-arm64 | 2.0.2 | 85.00 | NOTE | |||
r-oldrel-macos-x86_64 | 2.0.2 | 117.00 | NOTE | |||
r-oldrel-windows-x86_64 | 2.0.2 | 89.00 | 185.00 | 274.00 | OK |
Version: 2.0.2
Check: installed package size
Result: NOTE
installed size is 6.2Mb
sub-directories of 1Mb or more:
data 2.3Mb
libs 3.3Mb
Flavors: r-release-macos-arm64, r-oldrel-macos-arm64, r-oldrel-macos-x86_64
Version: 2.0.1
Check: installed package size
Result: NOTE
installed size is 6.2Mb
sub-directories of 1Mb or more:
data 2.3Mb
libs 3.3Mb
Flavor: r-release-macos-x86_64