Last updated on 2024-04-23 19:50:44 CEST.
Flavor | Version | Tinstall | Tcheck | Ttotal | Status | Flags |
---|---|---|---|---|---|---|
r-devel-linux-x86_64-debian-clang | 2.2.0 | 130.80 | 186.04 | 316.84 | OK | |
r-devel-linux-x86_64-debian-gcc | 2.2.0 | 98.00 | 133.69 | 231.69 | OK | |
r-devel-linux-x86_64-fedora-clang | 2.2.0 | 435.04 | OK | |||
r-devel-linux-x86_64-fedora-gcc | 2.2.0 | 423.49 | OK | |||
r-prerel-macos-arm64 | 2.2.0 | 92.00 | NOTE | |||
r-prerel-macos-x86_64 | 2.2.0 | 172.00 | NOTE | |||
r-prerel-windows-x86_64 | 2.2.0 | 94.00 | 173.00 | 267.00 | OK | |
r-patched-linux-x86_64 | 2.2.0 | 121.20 | 176.35 | 297.55 | OK | |
r-release-linux-x86_64 | 2.2.0 | 82.54 | 177.81 | 260.35 | OK | |
r-release-macos-arm64 | 2.2.0 | 98.00 | NOTE | |||
r-release-macos-x86_64 | 2.2.0 | 163.00 | NOTE | |||
r-release-windows-x86_64 | 2.2.0 | 119.00 | 216.00 | 335.00 | OK | |
r-oldrel-macos-arm64 | 2.1.2 | 112.00 | NOTE | |||
r-oldrel-windows-x86_64 | 2.1.2 | 109.00 | 194.00 | 303.00 | OK |
Version: 2.2.0
Check: installed package size
Result: NOTE
installed size is 7.4Mb
sub-directories of 1Mb or more:
data 2.3Mb
libs 4.4Mb
Flavors: r-prerel-macos-arm64, r-prerel-macos-x86_64, r-release-macos-arm64, r-release-macos-x86_64
Version: 2.1.2
Check: installed package size
Result: NOTE
installed size is 7.3Mb
sub-directories of 1Mb or more:
data 2.3Mb
libs 4.4Mb
Flavor: r-oldrel-macos-arm64