CRAN Package Check Results for Package fdapace

Last updated on 2023-06-02 20:56:25 CEST.

Flavor Version Tinstall Tcheck Ttotal Status Flags
r-devel-linux-x86_64-debian-clang 0.5.9 323.60 215.81 539.41 OK
r-devel-linux-x86_64-debian-gcc 0.5.9 262.03 174.98 437.01 OK
r-devel-linux-x86_64-fedora-clang 0.5.9 736.39 OK
r-devel-linux-x86_64-fedora-gcc 0.5.9 787.95 OK
r-devel-windows-x86_64 0.5.9 231.00 206.00 437.00 OK
r-patched-linux-x86_64 0.5.9 OK
r-release-linux-x86_64 0.5.9 255.38 222.80 478.18 OK
r-release-macos-arm64 0.5.9 192.00 NOTE
r-release-macos-x86_64 0.5.9 332.00 NOTE
r-release-windows-x86_64 0.5.9 299.00 256.00 555.00 OK
r-oldrel-macos-arm64 0.5.9 138.00 NOTE
r-oldrel-macos-x86_64 0.5.9 231.00 NOTE
r-oldrel-windows-x86_64 0.5.9 274.00 234.00 508.00 OK

Check Details

Version: 0.5.9
Check: installed package size
Result: NOTE
     installed size is 40.4Mb
     sub-directories of 1Mb or more:
     libs 38.5Mb
Flavors: r-release-macos-arm64, r-release-macos-x86_64, r-oldrel-macos-arm64, r-oldrel-macos-x86_64