Last updated on 2024-03-29 07:54:43 CET.
Flavor | Version | Tinstall | Tcheck | Ttotal | Status | Flags |
---|---|---|---|---|---|---|
r-devel-linux-x86_64-debian-clang | 0.3.0 | 331.09 | 341.46 | 672.55 | OK | |
r-devel-linux-x86_64-debian-gcc | 0.3.0 | 232.89 | 256.59 | 489.48 | OK | |
r-devel-linux-x86_64-fedora-clang | 0.3.0 | 914.87 | NOTE | |||
r-devel-linux-x86_64-fedora-gcc | 0.3.0 | 899.57 | OK | |||
r-devel-windows-x86_64 | 0.3.0 | 244.00 | 446.00 | 690.00 | NOTE | |
r-patched-linux-x86_64 | 0.3.0 | 229.51 | 331.96 | 561.47 | OK | |
r-release-linux-x86_64 | 0.3.0 | 227.98 | 336.12 | 564.10 | OK | |
r-release-macos-arm64 | 0.3.0 | 171.00 | NOTE | |||
r-release-macos-x86_64 | 0.3.0 | 394.00 | NOTE | |||
r-release-windows-x86_64 | 0.3.0 | 300.00 | 592.00 | 892.00 | NOTE | |
r-oldrel-macos-arm64 | 0.3.0 | 191.00 | NOTE | |||
r-oldrel-windows-x86_64 | 0.3.0 | 290.00 | 595.00 | 885.00 | NOTE |
Version: 0.3.0
Check: installed package size
Result: NOTE
installed size is 6.7Mb
sub-directories of 1Mb or more:
R 1.8Mb
doc 1.5Mb
help 2.1Mb
Flavors: r-devel-linux-x86_64-fedora-clang, r-devel-windows-x86_64, r-release-macos-arm64, r-release-macos-x86_64, r-release-windows-x86_64, r-oldrel-macos-arm64, r-oldrel-windows-x86_64