Last updated on 2024-04-26 19:49:10 CEST.
Flavor | Version | Tinstall | Tcheck | Ttotal | Status | Flags |
---|---|---|---|---|---|---|
r-devel-linux-x86_64-debian-clang | 0.6.1 | 103.86 | 38.69 | 142.55 | OK | |
r-devel-linux-x86_64-debian-gcc | 0.6.1 | 88.27 | 27.37 | 115.64 | OK | |
r-devel-linux-x86_64-fedora-clang | 0.6.1 | 210.87 | OK | |||
r-devel-linux-x86_64-fedora-gcc | 0.6.1 | 227.47 | OK | |||
r-devel-windows-x86_64 | 0.6.1 | 83.00 | 76.00 | 159.00 | OK | |
r-patched-linux-x86_64 | 0.6.1 | 111.69 | 34.79 | 146.48 | OK | |
r-release-linux-x86_64 | 0.6.1 | 104.54 | 36.73 | 141.27 | OK | |
r-release-macos-arm64 | 0.6.1 | 49.00 | NOTE | |||
r-release-windows-x86_64 | 0.6.1 | 83.00 | 76.00 | 159.00 | OK | |
r-oldrel-macos-arm64 | 0.6.1 | 54.00 | NOTE | |||
r-oldrel-macos-x86_64 | 0.6.1 | 80.00 | NOTE | |||
r-oldrel-windows-x86_64 | 0.6.1 | 106.00 | 84.00 | 190.00 | OK |
Version: 0.6.1
Check: installed package size
Result: NOTE
installed size is 7.6Mb
sub-directories of 1Mb or more:
libs 7.5Mb
Flavors: r-release-macos-arm64, r-oldrel-macos-arm64, r-oldrel-macos-x86_64