Last updated on 2023-02-07 19:07:20 CET.
Flavor | Version | Tinstall | Tcheck | Ttotal | Status | Flags |
---|---|---|---|---|---|---|
r-devel-linux-x86_64-debian-clang | 2.1.1.1 | 168.94 | 83.04 | 251.98 | OK | |
r-devel-linux-x86_64-debian-gcc | 2.1.1.1 | 126.41 | 62.83 | 189.24 | OK | |
r-devel-linux-x86_64-fedora-clang | 2.1.1.1 | 357.15 | OK | |||
r-devel-linux-x86_64-fedora-gcc | 2.1.1.1 | 320.78 | OK | |||
r-devel-windows-x86_64 | 2.1.1.1 | 153.00 | 145.00 | 298.00 | OK | |
r-patched-linux-x86_64 | 2.1.1.1 | 129.58 | 80.59 | 210.17 | OK | |
r-release-linux-x86_64 | 2.1.1.1 | 126.61 | 79.05 | 205.66 | OK | |
r-release-macos-arm64 | 2.1.1.1 | 86.00 | NOTE | |||
r-release-macos-x86_64 | 2.1.1.1 | 97.00 | NOTE | |||
r-release-windows-x86_64 | 2.1.1.1 | 146.00 | 163.00 | 309.00 | OK | |
r-oldrel-macos-arm64 | 2.1.1.1 | 86.00 | NOTE | |||
r-oldrel-macos-x86_64 | 2.1.1.1 | 101.00 | NOTE | |||
r-oldrel-windows-ix86+x86_64 | 2.1.1.1 | 371.00 | 147.00 | 518.00 | OK |
Version: 2.1.1.1
Check: installed package size
Result: NOTE
installed size is 11.0Mb
sub-directories of 1Mb or more:
libs 10.4Mb
Flavors: r-release-macos-arm64, r-release-macos-x86_64, r-oldrel-macos-arm64, r-oldrel-macos-x86_64