Last updated on 2024-04-18 08:54:29 CEST.
Flavor | Version | Tinstall | Tcheck | Ttotal | Status | Flags |
---|---|---|---|---|---|---|
r-devel-linux-x86_64-debian-clang | 1.0.1 | 26.83 | 86.53 | 113.36 | NOTE | |
r-devel-linux-x86_64-debian-gcc | 1.0.1 | 20.92 | 63.75 | 84.67 | NOTE | |
r-devel-linux-x86_64-fedora-clang | 1.0.1 | 174.98 | NOTE | |||
r-devel-linux-x86_64-fedora-gcc | 1.0.1 | 179.26 | NOTE | |||
r-prerel-macos-arm64 | 1.0.1 | 68.00 | NOTE | |||
r-prerel-windows-x86_64 | 1.0.1 | 21.00 | 186.00 | 207.00 | NOTE | |
r-patched-linux-x86_64 | 1.0.1 | 25.86 | 85.65 | 111.51 | NOTE | |
r-release-linux-x86_64 | 1.0.1 | 25.89 | 108.07 | 133.96 | NOTE | |
r-release-macos-arm64 | 1.0.1 | 63.00 | NOTE | |||
r-release-macos-x86_64 | 1.0.1 | 88.00 | NOTE | |||
r-release-windows-x86_64 | 1.0.1 | 20.00 | 187.00 | 207.00 | NOTE | |
r-oldrel-macos-arm64 | 1.0.1 | 73.00 | OK | |||
r-oldrel-windows-x86_64 | 1.0.1 | 28.00 | 183.00 | 211.00 | OK |
Version: 1.0.1
Check: C++ specification
Result: NOTE
Specified C++11: please drop specification unless essential
Flavors: r-devel-linux-x86_64-debian-clang, r-devel-linux-x86_64-debian-gcc, r-devel-linux-x86_64-fedora-clang, r-devel-linux-x86_64-fedora-gcc, r-prerel-macos-arm64, r-prerel-windows-x86_64, r-patched-linux-x86_64, r-release-linux-x86_64, r-release-macos-arm64, r-release-macos-x86_64, r-release-windows-x86_64