CRAN Package Check Results for Package fauxpas

Last updated on 2024-02-28 07:53:42 CET.

Flavor Version Tinstall Tcheck Ttotal Status Flags
r-devel-linux-x86_64-debian-clang 0.5.2 64.30 55.26 119.56 NOTE
r-devel-linux-x86_64-debian-gcc 0.5.2 52.77 41.51 94.28 NOTE
r-devel-linux-x86_64-fedora-clang 0.5.2 160.52 NOTE
r-devel-linux-x86_64-fedora-gcc 0.5.2 165.44 NOTE
r-devel-windows-x86_64 0.5.2 48.00 60.00 108.00 OK
r-patched-linux-x86_64 0.5.2 65.51 54.48 119.99 OK
r-release-linux-x86_64 0.5.2 62.89 55.22 118.11 OK
r-release-macos-arm64 0.5.2 48.00 OK
r-release-macos-x86_64 0.5.2 143.00 OK
r-release-windows-x86_64 0.5.2 44.00 66.00 110.00 OK
r-oldrel-macos-arm64 0.5.2 44.00 OK
r-oldrel-windows-x86_64 0.5.2 73.00 69.00 142.00 OK

Check Details

Version: 0.5.2
Check: Rd files
Result: NOTE checkRd: (-1) Error-Classes.Rd:107-119: Lost braces 107 | \item \code{do_verbose(response, template)} { | ^ checkRd: (-1) Error.Rd:33-45: Lost braces 33 | \item \code{do(response, mssg)} { | ^ Flavors: r-devel-linux-x86_64-debian-clang, r-devel-linux-x86_64-debian-gcc, r-devel-linux-x86_64-fedora-clang, r-devel-linux-x86_64-fedora-gcc