Last updated on 2024-04-19 19:50:13 CEST.
Flavor | Version | Tinstall | Tcheck | Ttotal | Status | Flags |
---|---|---|---|---|---|---|
r-devel-linux-x86_64-debian-clang | 0.3.2 | 3.88 | 46.69 | 50.57 | OK | |
r-devel-linux-x86_64-debian-gcc | 0.3.2 | OK | ||||
r-devel-linux-x86_64-fedora-clang | 0.3.2 | 65.72 | NOTE | |||
r-devel-linux-x86_64-fedora-gcc | 0.3.2 | 75.82 | NOTE | |||
r-prerel-macos-arm64 | 0.3.2 | 36.00 | OK | |||
r-prerel-windows-x86_64 | 0.3.2 | 4.00 | 69.00 | 73.00 | OK | |
r-patched-linux-x86_64 | 0.3.2 | 4.00 | 44.69 | 48.69 | OK | |
r-release-linux-x86_64 | 0.3.2 | 3.37 | 42.22 | 45.59 | OK | |
r-release-macos-arm64 | 0.3.2 | 31.00 | OK | |||
r-release-macos-x86_64 | 0.3.2 | 97.00 | OK | |||
r-release-windows-x86_64 | 0.3.2 | 4.00 | 65.00 | 69.00 | OK | |
r-oldrel-macos-arm64 | 0.3.2 | 33.00 | OK | |||
r-oldrel-windows-x86_64 | 0.3.2 | 5.00 | 77.00 | 82.00 | OK |
Version: 0.3.2
Check: dependencies in R code
Result: NOTE
Namespaces in Imports field not imported from:
‘collapse’ ‘data.table’ ‘kit’ ‘magrittr’
All declared Imports should be used.
Flavors: r-devel-linux-x86_64-fedora-clang, r-devel-linux-x86_64-fedora-gcc