Last updated on 2023-06-09 19:56:23 CEST.
Flavor | Version | Tinstall | Tcheck | Ttotal | Status | Flags |
---|---|---|---|---|---|---|
r-devel-linux-x86_64-debian-clang | 0.0.3 | 126.05 | 61.42 | 187.47 | NOTE | |
r-devel-linux-x86_64-debian-gcc | 0.0.3 | 108.31 | 54.59 | 162.90 | NOTE | |
r-devel-linux-x86_64-fedora-clang | 0.0.3 | 236.89 | NOTE | |||
r-devel-linux-x86_64-fedora-gcc | 0.0.3 | 304.75 | NOTE | |||
r-devel-windows-x86_64 | 0.0.3 | 91.00 | 101.00 | 192.00 | NOTE | |
r-patched-linux-x86_64 | 0.0.3 | 110.48 | 72.55 | 183.03 | NOTE | |
r-release-linux-x86_64 | 0.0.3 | 110.36 | 72.37 | 182.73 | NOTE | |
r-release-macos-arm64 | 0.0.3 | 103.00 | NOTE | |||
r-release-macos-x86_64 | 0.0.3 | 151.00 | NOTE | |||
r-release-windows-x86_64 | 0.0.3 | 120.00 | 112.00 | 232.00 | NOTE | |
r-oldrel-macos-arm64 | 0.0.3 | 91.00 | NOTE | |||
r-oldrel-macos-x86_64 | 0.0.3 | 100.00 | NOTE | |||
r-oldrel-windows-x86_64 | 0.0.3 | 114.00 | 115.00 | 229.00 | OK |
Version: 0.0.3
Check: C++ specification
Result: NOTE
Specified C++11: please drop specification unless essential
Flavors: r-devel-linux-x86_64-debian-clang, r-devel-linux-x86_64-debian-gcc, r-devel-linux-x86_64-fedora-clang, r-devel-linux-x86_64-fedora-gcc, r-devel-windows-x86_64, r-patched-linux-x86_64, r-release-linux-x86_64, r-release-macos-arm64, r-release-macos-x86_64, r-release-windows-x86_64
Version: 0.0.3
Check: installed package size
Result: NOTE
installed size is 47.4Mb
sub-directories of 1Mb or more:
libs 47.2Mb
Flavors: r-release-macos-arm64, r-release-macos-x86_64, r-oldrel-macos-arm64, r-oldrel-macos-x86_64