Last updated on 2024-04-19 19:50:13 CEST.
Flavor | Version | Tinstall | Tcheck | Ttotal | Status | Flags |
---|---|---|---|---|---|---|
r-devel-linux-x86_64-debian-clang | 0.0.3 | 138.84 | 69.33 | 208.17 | NOTE | |
r-devel-linux-x86_64-debian-gcc | 0.0.3 | NOTE | ||||
r-devel-linux-x86_64-fedora-clang | 0.0.3 | 266.64 | NOTE | |||
r-devel-linux-x86_64-fedora-gcc | 0.0.3 | 345.63 | NOTE | |||
r-prerel-macos-arm64 | 0.0.3 | 81.00 | NOTE | |||
r-prerel-windows-x86_64 | 0.0.3 | 101.00 | 101.00 | 202.00 | NOTE | |
r-patched-linux-x86_64 | 0.0.3 | 153.81 | 73.09 | 226.90 | NOTE | |
r-release-linux-x86_64 | 0.0.3 | 157.83 | 72.36 | 230.19 | NOTE | |
r-release-macos-arm64 | 0.0.3 | 103.00 | NOTE | |||
r-release-macos-x86_64 | 0.0.3 | 151.00 | NOTE | |||
r-release-windows-x86_64 | 0.0.3 | 134.00 | 112.00 | 246.00 | NOTE | |
r-oldrel-macos-arm64 | 0.0.3 | 91.00 | NOTE | |||
r-oldrel-windows-x86_64 | 0.0.3 | 136.00 | 114.00 | 250.00 | OK |
Version: 0.0.3
Check: C++ specification
Result: NOTE
Specified C++11: please drop specification unless essential
Flavors: r-devel-linux-x86_64-debian-clang, r-devel-linux-x86_64-debian-gcc, r-devel-linux-x86_64-fedora-clang, r-devel-linux-x86_64-fedora-gcc, r-prerel-macos-arm64, r-prerel-windows-x86_64, r-patched-linux-x86_64, r-release-linux-x86_64, r-release-macos-arm64, r-release-macos-x86_64, r-release-windows-x86_64
Version: 0.0.3
Check: installed package size
Result: NOTE
installed size is 50.4Mb
sub-directories of 1Mb or more:
libs 50.2Mb
Flavors: r-prerel-macos-arm64, r-release-macos-arm64, r-release-macos-x86_64, r-oldrel-macos-arm64