CRAN Package Check Results for Package fasterize

Last updated on 2023-06-04 08:57:09 CEST.

Flavor Version Tinstall Tcheck Ttotal Status Flags
r-devel-linux-x86_64-debian-clang 1.0.4 123.49 282.19 405.68 NOTE
r-devel-linux-x86_64-debian-gcc 1.0.4 95.55 214.52 310.07 NOTE
r-devel-linux-x86_64-fedora-clang 1.0.4 542.68 NOTE
r-devel-linux-x86_64-fedora-gcc 1.0.4 532.49 NOTE
r-devel-windows-x86_64 1.0.4 94.00 204.00 298.00 NOTE
r-patched-linux-x86_64 1.0.4 107.36 269.44 376.80 NOTE
r-release-linux-x86_64 1.0.4 110.46 272.23 382.69 NOTE
r-release-macos-arm64 1.0.4 119.00 NOTE
r-release-macos-x86_64 1.0.4 231.00 NOTE
r-release-windows-x86_64 1.0.4 123.00 268.00 391.00 NOTE
r-oldrel-macos-arm64 1.0.4 106.00 OK
r-oldrel-macos-x86_64 1.0.4 148.00 OK
r-oldrel-windows-x86_64 1.0.4 118.00 257.00 375.00 OK

Check Details

Version: 1.0.4
Check: C++ specification
Result: NOTE
     Specified C++11: please drop specification unless essential
Flavors: r-devel-linux-x86_64-debian-clang, r-devel-linux-x86_64-debian-gcc, r-devel-linux-x86_64-fedora-clang, r-devel-linux-x86_64-fedora-gcc, r-devel-windows-x86_64, r-patched-linux-x86_64, r-release-linux-x86_64, r-release-macos-arm64, r-release-macos-x86_64, r-release-windows-x86_64