Last updated on 2023-10-03 20:02:02 CEST.
Flavor | Version | Tinstall | Tcheck | Ttotal | Status | Flags |
---|---|---|---|---|---|---|
r-devel-linux-x86_64-debian-clang | 2.2.1 | 26.77 | 274.46 | 301.23 | OK | |
r-devel-linux-x86_64-debian-gcc | 2.2.1 | 22.13 | 208.41 | 230.54 | OK | |
r-devel-linux-x86_64-fedora-clang | 2.2.1 | 395.29 | NOTE | |||
r-devel-linux-x86_64-fedora-gcc | 2.2.1 | 397.27 | OK | |||
r-devel-windows-x86_64 | 2.2.1 | 90.00 | 977.00 | 1067.00 | NOTE | |
r-patched-linux-x86_64 | 2.2.1 | 42.40 | 270.94 | 313.34 | OK | |
r-release-linux-x86_64 | 2.2.1 | 26.75 | 269.88 | 296.63 | OK | |
r-release-macos-arm64 | 2.2.1 | 145.00 | NOTE | |||
r-release-macos-x86_64 | 2.2.1 | 201.00 | NOTE | |||
r-release-windows-x86_64 | 2.2.1 | 66.00 | 682.00 | 748.00 | NOTE | |
r-oldrel-macos-arm64 | 2.2.1 | 73.00 | NOTE | |||
r-oldrel-macos-x86_64 | 2.2.1 | 140.00 | NOTE | |||
r-oldrel-windows-x86_64 | 2.2.1 | 68.00 | 509.00 | 577.00 | NOTE |
Version: 2.2.1
Check: installed package size
Result: NOTE
installed size is 5.1Mb
sub-directories of 1Mb or more:
doc 3.0Mb
help 1.2Mb
Flavors: r-devel-linux-x86_64-fedora-clang, r-devel-windows-x86_64, r-release-macos-arm64, r-release-macos-x86_64, r-release-windows-x86_64, r-oldrel-macos-arm64, r-oldrel-macos-x86_64, r-oldrel-windows-x86_64
Version: 2.2.1
Check: whether the namespace can be loaded with stated dependencies
Result: NOTE
Warning in py_initialize(config$python, config$libpython, config$pythonhome, :
Python 2 reached EOL on January 1, 2020. Python 2 compatability be removed in an upcoming reticulate release.
A namespace must be able to be loaded with just the base namespace
loaded: otherwise if the namespace gets loaded by a saved object, the
session will be unable to start.
Probably some imports need to be declared in the NAMESPACE file.
Flavors: r-release-macos-arm64, r-oldrel-macos-arm64, r-oldrel-macos-x86_64